{"id":1044,"date":"2021-07-03T12:55:36","date_gmt":"2021-07-03T12:55:36","guid":{"rendered":"https:\/\/www.terroirpaysdesaintfelicien.com\/?page_id=1044"},"modified":"2022-02-07T16:33:06","modified_gmt":"2022-02-07T16:33:06","slug":"livret-la-gout-du-pays","status":"publish","type":"page","link":"https:\/\/www.terroirpaysdesaintfelicien.org\/?page_id=1044","title":{"rendered":"Livret \u00ab\u00a0Le go\u00fbt du pays\u00a0\u00bb"},"content":{"rendered":"\n<p>Les acteurs du go\u00fbt du Pays, membres de l&rsquo;association Terroir se rejoignent autour d&rsquo;une charte. Cette charte affirme leur volont\u00e9 de vivre d&rsquo;une terre sans l&rsquo;affaiblir, en entretenant sa vitalit\u00e9.<br><br>Acteurs de l\u2019agriculture, de l\u2019artisanat, la restauration,  l\u2019h\u00e9bergement, de la culture, ils s\u2019engagent pour un territoire agro\u00e9cologique solidaire. <br><br>Apr\u00e8s deux \u00e9ditions papier, nous vous proposons de retrouver les acteurs du Go\u00fbt du Pays n\u00b03 au moyen de la carte ci-dessous :<\/p>\n\n\n\n<p><iframe loading=\"lazy\" allowfullscreen=\"\" src=\"\/\/umap.openstreetmap.fr\/fr\/map\/gout-du-pays-terroir-pays-de-st-felicien_365300?scaleControl=false&amp;miniMap=true&amp;scrollWheelZoom=true&amp;zoomControl=true&amp;allowEdit=false&amp;moreControl=true&amp;searchControl=null&amp;tilelayersControl=null&amp;embedControl=null&amp;datalayersControl=true&amp;onLoadPanel=undefined&amp;captionBar=false\" width=\"100%\" height=\"600px\" frameborder=\"0\"><\/iframe><\/p>\n\n\n\n<p>Vert : producteurs<br>Bleu : h\u00e9bergeurs<br>Orang\u00e9 : restaurateurs<br>Beige : artisans<br>Brique : culture<br>Violet : associations<\/p>\n\n\n","protected":false},"excerpt":{"rendered":"<p>Les acteurs du go\u00fbt du Pays, membres de l&rsquo;association Terroir se rejoignent autour d&rsquo;une charte. Cette charte affirme leur volont\u00e9 de vivre d&rsquo;une terre sans l&rsquo;affaiblir, en entretenant sa vitalit\u00e9. Acteurs de l\u2019agriculture, de l\u2019artisanat, la restauration, l\u2019h\u00e9bergement, de la &hellip; <a href=\"https:\/\/www.terroirpaysdesaintfelicien.org\/?page_id=1044\">Continuer la lecture <span class=\"meta-nav\">&rarr;<\/span><\/a><\/p>\n","protected":false},"author":4,"featured_media":0,"parent":0,"menu_order":0,"comment_status":"closed","ping_status":"closed","template":"","meta":{"footnotes":""},"class_list":["post-1044","page","type-page","status-publish","hentry"],"_links":{"self":[{"href":"https:\/\/www.terroirpaysdesaintfelicien.org\/index.php?rest_route=\/wp\/v2\/pages\/1044","targetHints":{"allow":["GET"]}}],"collection":[{"href":"https:\/\/www.terroirpaysdesaintfelicien.org\/index.php?rest_route=\/wp\/v2\/pages"}],"about":[{"href":"https:\/\/www.terroirpaysdesaintfelicien.org\/index.php?rest_route=\/wp\/v2\/types\/page"}],"author":[{"embeddable":true,"href":"https:\/\/www.terroirpaysdesaintfelicien.org\/index.php?rest_route=\/wp\/v2\/users\/4"}],"replies":[{"embeddable":true,"href":"https:\/\/www.terroirpaysdesaintfelicien.org\/index.php?rest_route=%2Fwp%2Fv2%2Fcomments&post=1044"}],"version-history":[{"count":11,"href":"https:\/\/www.terroirpaysdesaintfelicien.org\/index.php?rest_route=\/wp\/v2\/pages\/1044\/revisions"}],"predecessor-version":[{"id":1380,"href":"https:\/\/www.terroirpaysdesaintfelicien.org\/index.php?rest_route=\/wp\/v2\/pages\/1044\/revisions\/1380"}],"wp:attachment":[{"href":"https:\/\/www.terroirpaysdesaintfelicien.org\/index.php?rest_route=%2Fwp%2Fv2%2Fmedia&parent=1044"}],"curies":[{"name":"wp","href":"https:\/\/api.w.org\/{rel}","templated":true}]}}