{"id":1057,"date":"2021-07-03T13:02:51","date_gmt":"2021-07-03T13:02:51","guid":{"rendered":"https:\/\/www.terroirpaysdesaintfelicien.com\/?page_id=1057"},"modified":"2023-09-27T09:41:29","modified_gmt":"2023-09-27T09:41:29","slug":"le-caille-doux-de-saint-felicien","status":"publish","type":"page","link":"https:\/\/www.terroirpaysdesaintfelicien.org\/?page_id=1057","title":{"rendered":"Le caill\u00e9 doux de Saint-F\u00e9licien"},"content":{"rendered":"\n<p>Le Caill\u00e9 Doux de Saint-F\u00e9licien est un fromage unique de part :<br>&#8211; son aire de production, <br>&#8211; sa fabrication exclusivement fermi\u00e8re,<br>&#8211; la douceur et les ar\u00f4mes de son go\u00fbt.<br><br>Ce fromage traditionnel qui \u00e9tait produit localement dans presque toutes les fermes a failli tomber dans l&rsquo;oubli \u00e0 cause de sa fabrication particuli\u00e8re et des normes en vigueur jug\u00e9es trop contraignantes par un grand nombre de producteurs.<br><br>Le Caill\u00e9 Doux de Saint-F\u00e9licien est un produit saisonnier ! Il est fabriqu\u00e9 de mars \u00e0 d\u00e9cembre. Vous pourrez donc le d\u00e9gustez une grande partie de l\u2019ann\u00e9e, en tenant compte du d\u00e9lai et du travail d\u2019affinage afin que les fromages expriment pleinement leurs qualit\u00e9s.<br><br>Heureusement quelques uns ont r\u00e9sist\u00e9, ont continu\u00e9 \u00e0 le produire et partagent aujourd&rsquo;hui leurs secrets de fabrication avec d&rsquo;autres producteurs. Souhaitant redonner, ensemble, une dynamique de production \u00e0 ce fromage embl\u00e9matique du nord de l&rsquo;Ard\u00e8che, anciens et nouveaux producteurs resserrent leurs liens pour redonner au Caill\u00e9 Doux de Saint-F\u00e9licien sa notori\u00e9t\u00e9.<br><br>L&rsquo;association Terroir Pays de Saint-F\u00e9licien d\u00e9fend et accompagne la reconnaissance en AOP de ce fromage. Elle r\u00e9alise actuellement un livret sur son histoire. Elle est \u00e0 l&rsquo;origine de la cr\u00e9ation d&rsquo;une consoeurie, inaugur\u00e9e le 17 septembre 2023.<br>Une maison du caill\u00e9 doux devrait voir le jour \u00e0 Saint-F\u00e9licien !<\/p>\n\n\n\n<p>Retrouvez l&rsquo;actualit\u00e9 de ce fromage sur la <a href=\"https:\/\/www.facebook.com\/Le-caill%C3%A9-doux-de-Saint-F%C3%A9licien-100196255210339\" data-type=\"URL\" data-id=\"https:\/\/www.facebook.com\/Le-caill%C3%A9-doux-de-Saint-F%C3%A9licien-100196255210339\">page facebook<\/a> qui lui est d\u00e9di\u00e9e et sur <a href=\"https:\/\/cailledouxstfelicien.wixsite.com\/fromagechevreardeche\">son site web.<\/a><\/p>\n\n\n\n<figure class=\"wp-block-gallery has-nested-images columns-default is-cropped wp-block-gallery-1 is-layout-flex wp-block-gallery-is-layout-flex\">\n<figure class=\"wp-block-image size-large\"><img loading=\"lazy\" decoding=\"async\" width=\"959\" height=\"959\" data-id=\"1324\" src=\"https:\/\/www.terroirpaysdesaintfelicien.org\/wp-content\/uploads\/2022\/02\/cailledoux.jpg\" alt=\"\" class=\"wp-image-1324\" srcset=\"https:\/\/www.terroirpaysdesaintfelicien.org\/wp-content\/uploads\/2022\/02\/cailledoux.jpg 959w, https:\/\/www.terroirpaysdesaintfelicien.org\/wp-content\/uploads\/2022\/02\/cailledoux-300x300.jpg 300w, https:\/\/www.terroirpaysdesaintfelicien.org\/wp-content\/uploads\/2022\/02\/cailledoux-150x150.jpg 150w, https:\/\/www.terroirpaysdesaintfelicien.org\/wp-content\/uploads\/2022\/02\/cailledoux-768x768.jpg 768w\" sizes=\"auto, (max-width: 959px) 100vw, 959px\" \/><\/figure>\n\n\n\n<figure class=\"wp-block-image size-large\"><img loading=\"lazy\" decoding=\"async\" width=\"720\" height=\"960\" data-id=\"1325\" src=\"https:\/\/www.terroirpaysdesaintfelicien.org\/wp-content\/uploads\/2022\/02\/chevres.jpg\" alt=\"\" class=\"wp-image-1325\" srcset=\"https:\/\/www.terroirpaysdesaintfelicien.org\/wp-content\/uploads\/2022\/02\/chevres.jpg 720w, https:\/\/www.terroirpaysdesaintfelicien.org\/wp-content\/uploads\/2022\/02\/chevres-225x300.jpg 225w\" sizes=\"auto, (max-width: 720px) 100vw, 720px\" \/><\/figure>\n\n\n\n<figure class=\"wp-block-image size-large\"><img loading=\"lazy\" decoding=\"async\" width=\"720\" height=\"960\" data-id=\"1326\" src=\"https:\/\/www.terroirpaysdesaintfelicien.org\/wp-content\/uploads\/2022\/02\/concours.jpg\" alt=\"\" class=\"wp-image-1326\" srcset=\"https:\/\/www.terroirpaysdesaintfelicien.org\/wp-content\/uploads\/2022\/02\/concours.jpg 720w, https:\/\/www.terroirpaysdesaintfelicien.org\/wp-content\/uploads\/2022\/02\/concours-225x300.jpg 225w\" sizes=\"auto, (max-width: 720px) 100vw, 720px\" \/><\/figure>\n<\/figure>\n\n\n\n<figure class=\"wp-block-gallery has-nested-images columns-default is-cropped wp-block-gallery-2 is-layout-flex wp-block-gallery-is-layout-flex\">\n<figure class=\"wp-block-image size-large\"><a href=\"https:\/\/www.terroirpaysdesaintfelicien.org\/wp-content\/uploads\/2023\/09\/consoeurie.jpg\"><img loading=\"lazy\" decoding=\"async\" width=\"693\" height=\"1024\" data-id=\"1579\" src=\"https:\/\/www.terroirpaysdesaintfelicien.org\/wp-content\/uploads\/2023\/09\/consoeurie-693x1024.jpg\" alt=\"\" class=\"wp-image-1579\" srcset=\"https:\/\/www.terroirpaysdesaintfelicien.org\/wp-content\/uploads\/2023\/09\/consoeurie-693x1024.jpg 693w, https:\/\/www.terroirpaysdesaintfelicien.org\/wp-content\/uploads\/2023\/09\/consoeurie-203x300.jpg 203w, https:\/\/www.terroirpaysdesaintfelicien.org\/wp-content\/uploads\/2023\/09\/consoeurie.jpg 750w\" sizes=\"auto, (max-width: 693px) 100vw, 693px\" \/><\/a><\/figure>\n\n\n\n<figure class=\"wp-block-image size-large\"><a href=\"https:\/\/www.terroirpaysdesaintfelicien.org\/wp-content\/uploads\/2023\/09\/consoeurie3-1.jpg\"><img loading=\"lazy\" decoding=\"async\" width=\"688\" height=\"1024\" data-id=\"1582\" src=\"https:\/\/www.terroirpaysdesaintfelicien.org\/wp-content\/uploads\/2023\/09\/consoeurie3-1-688x1024.jpg\" alt=\"\" class=\"wp-image-1582\" srcset=\"https:\/\/www.terroirpaysdesaintfelicien.org\/wp-content\/uploads\/2023\/09\/consoeurie3-1-688x1024.jpg 688w, https:\/\/www.terroirpaysdesaintfelicien.org\/wp-content\/uploads\/2023\/09\/consoeurie3-1-202x300.jpg 202w, https:\/\/www.terroirpaysdesaintfelicien.org\/wp-content\/uploads\/2023\/09\/consoeurie3-1-768x1143.jpg 768w, https:\/\/www.terroirpaysdesaintfelicien.org\/wp-content\/uploads\/2023\/09\/consoeurie3-1.jpg 1032w\" sizes=\"auto, (max-width: 688px) 100vw, 688px\" \/><\/a><\/figure>\n\n\n\n<figure class=\"wp-block-image size-full\"><a href=\"https:\/\/www.terroirpaysdesaintfelicien.org\/wp-content\/uploads\/2023\/09\/consoeurie2.jpg\"><img loading=\"lazy\" decoding=\"async\" width=\"750\" height=\"998\" data-id=\"1581\" src=\"https:\/\/www.terroirpaysdesaintfelicien.org\/wp-content\/uploads\/2023\/09\/consoeurie2.jpg\" alt=\"\" class=\"wp-image-1581\" srcset=\"https:\/\/www.terroirpaysdesaintfelicien.org\/wp-content\/uploads\/2023\/09\/consoeurie2.jpg 750w, https:\/\/www.terroirpaysdesaintfelicien.org\/wp-content\/uploads\/2023\/09\/consoeurie2-225x300.jpg 225w\" sizes=\"auto, (max-width: 750px) 100vw, 750px\" \/><\/a><\/figure>\n<\/figure>\n","protected":false},"excerpt":{"rendered":"<p>Le Caill\u00e9 Doux de Saint-F\u00e9licien est un fromage unique de part :&#8211; son aire de production, &#8211; sa fabrication exclusivement fermi\u00e8re,&#8211; la douceur et les ar\u00f4mes de son go\u00fbt. Ce fromage traditionnel qui \u00e9tait produit localement dans presque toutes les &hellip; <a href=\"https:\/\/www.terroirpaysdesaintfelicien.org\/?page_id=1057\">Continuer la lecture <span class=\"meta-nav\">&rarr;<\/span><\/a><\/p>\n","protected":false},"author":4,"featured_media":0,"parent":0,"menu_order":0,"comment_status":"closed","ping_status":"closed","template":"","meta":{"footnotes":""},"class_list":["post-1057","page","type-page","status-publish","hentry"],"_links":{"self":[{"href":"https:\/\/www.terroirpaysdesaintfelicien.org\/index.php?rest_route=\/wp\/v2\/pages\/1057","targetHints":{"allow":["GET"]}}],"collection":[{"href":"https:\/\/www.terroirpaysdesaintfelicien.org\/index.php?rest_route=\/wp\/v2\/pages"}],"about":[{"href":"https:\/\/www.terroirpaysdesaintfelicien.org\/index.php?rest_route=\/wp\/v2\/types\/page"}],"author":[{"embeddable":true,"href":"https:\/\/www.terroirpaysdesaintfelicien.org\/index.php?rest_route=\/wp\/v2\/users\/4"}],"replies":[{"embeddable":true,"href":"https:\/\/www.terroirpaysdesaintfelicien.org\/index.php?rest_route=%2Fwp%2Fv2%2Fcomments&post=1057"}],"version-history":[{"count":6,"href":"https:\/\/www.terroirpaysdesaintfelicien.org\/index.php?rest_route=\/wp\/v2\/pages\/1057\/revisions"}],"predecessor-version":[{"id":1583,"href":"https:\/\/www.terroirpaysdesaintfelicien.org\/index.php?rest_route=\/wp\/v2\/pages\/1057\/revisions\/1583"}],"wp:attachment":[{"href":"https:\/\/www.terroirpaysdesaintfelicien.org\/index.php?rest_route=%2Fwp%2Fv2%2Fmedia&parent=1057"}],"curies":[{"name":"wp","href":"https:\/\/api.w.org\/{rel}","templated":true}]}}

Le caillé doux de Saint-Félicien

<p>Le Caillé Doux de Saint-Félicien est un fromage unique de part :<br>&#8211; son aire de production, <br>&#8211; sa fabrication exclusivement fermière,<br>&#8211; la douceur et les arômes de son goût.<br><br>Ce fromage traditionnel qui était produit localement dans presque toutes les fermes a failli tomber dans l&rsquo;oubli à cause de sa fabrication particulière et des normes en vigueur jugées trop contraignantes par un grand nombre de producteurs.<br><br>Le Caillé Doux de Saint-Félicien est un produit saisonnier ! Il est fabriqué de mars à décembre. Vous pourrez donc le dégustez une grande partie de l’année, en tenant compte du délai et du travail d’affinage afin que les fromages expriment pleinement leurs qualités.<br><br>Heureusement quelques uns ont résisté, ont continué à le produire et partagent aujourd&rsquo;hui leurs secrets de fabrication avec d&rsquo;autres producteurs. Souhaitant redonner, ensemble, une dynamique de production à ce fromage emblématique du nord de l&rsquo;Ardèche, anciens et nouveaux producteurs resserrent leurs liens pour redonner au Caillé Doux de Saint-Félicien sa notoriété.<br><br>L&rsquo;association Terroir Pays de Saint-Félicien défend et accompagne la reconnaissance en AOP de ce fromage. Elle réalise actuellement un livret sur son histoire. Elle est à l&rsquo;origine de la création d&rsquo;une consoeurie, inaugurée le 17 septembre 2023.<br>Une maison du caillé doux devrait voir le jour à Saint-Félicien !</p>



<p>Retrouvez l&rsquo;actualité de ce fromage sur la <a href="https://www.facebook.com/Le-caill%C3%A9-doux-de-Saint-F%C3%A9licien-100196255210339" data-type="URL" data-id="https://www.facebook.com/Le-caill%C3%A9-doux-de-Saint-F%C3%A9licien-100196255210339">page facebook</a> qui lui est dédiée et sur <a href="https://cailledouxstfelicien.wixsite.com/fromagechevreardeche">son site web.</a></p>



<figure class="wp-block-gallery has-nested-images columns-default is-cropped wp-block-gallery-1 is-layout-flex wp-block-gallery-is-layout-flex">
<figure class="wp-block-image size-large"><img loading="lazy" decoding="async" width="959" height="959" data-id="1324" src="https://www.terroirpaysdesaintfelicien.org/wp-content/uploads/2022/02/cailledoux.jpg" alt="" class="wp-image-1324" srcset="https://www.terroirpaysdesaintfelicien.org/wp-content/uploads/2022/02/cailledoux.jpg 959w, https://www.terroirpaysdesaintfelicien.org/wp-content/uploads/2022/02/cailledoux-300x300.jpg 300w, https://www.terroirpaysdesaintfelicien.org/wp-content/uploads/2022/02/cailledoux-150x150.jpg 150w, https://www.terroirpaysdesaintfelicien.org/wp-content/uploads/2022/02/cailledoux-768x768.jpg 768w" sizes="auto, (max-width: 959px) 100vw, 959px" /></figure>



<figure class="wp-block-image size-large"><img loading="lazy" decoding="async" width="720" height="960" data-id="1325" src="https://www.terroirpaysdesaintfelicien.org/wp-content/uploads/2022/02/chevres.jpg" alt="" class="wp-image-1325" srcset="https://www.terroirpaysdesaintfelicien.org/wp-content/uploads/2022/02/chevres.jpg 720w, https://www.terroirpaysdesaintfelicien.org/wp-content/uploads/2022/02/chevres-225x300.jpg 225w" sizes="auto, (max-width: 720px) 100vw, 720px" /></figure>



<figure class="wp-block-image size-large"><img loading="lazy" decoding="async" width="720" height="960" data-id="1326" src="https://www.terroirpaysdesaintfelicien.org/wp-content/uploads/2022/02/concours.jpg" alt="" class="wp-image-1326" srcset="https://www.terroirpaysdesaintfelicien.org/wp-content/uploads/2022/02/concours.jpg 720w, https://www.terroirpaysdesaintfelicien.org/wp-content/uploads/2022/02/concours-225x300.jpg 225w" sizes="auto, (max-width: 720px) 100vw, 720px" /></figure>
</figure>



<figure class="wp-block-gallery has-nested-images columns-default is-cropped wp-block-gallery-2 is-layout-flex wp-block-gallery-is-layout-flex">
<figure class="wp-block-image size-large"><a href="https://www.terroirpaysdesaintfelicien.org/wp-content/uploads/2023/09/consoeurie.jpg"><img loading="lazy" decoding="async" width="693" height="1024" data-id="1579" src="https://www.terroirpaysdesaintfelicien.org/wp-content/uploads/2023/09/consoeurie-693x1024.jpg" alt="" class="wp-image-1579" srcset="https://www.terroirpaysdesaintfelicien.org/wp-content/uploads/2023/09/consoeurie-693x1024.jpg 693w, https://www.terroirpaysdesaintfelicien.org/wp-content/uploads/2023/09/consoeurie-203x300.jpg 203w, https://www.terroirpaysdesaintfelicien.org/wp-content/uploads/2023/09/consoeurie.jpg 750w" sizes="auto, (max-width: 693px) 100vw, 693px" /></a></figure>



<figure class="wp-block-image size-large"><a href="https://www.terroirpaysdesaintfelicien.org/wp-content/uploads/2023/09/consoeurie3-1.jpg"><img loading="lazy" decoding="async" width="688" height="1024" data-id="1582" src="https://www.terroirpaysdesaintfelicien.org/wp-content/uploads/2023/09/consoeurie3-1-688x1024.jpg" alt="" class="wp-image-1582" srcset="https://www.terroirpaysdesaintfelicien.org/wp-content/uploads/2023/09/consoeurie3-1-688x1024.jpg 688w, https://www.terroirpaysdesaintfelicien.org/wp-content/uploads/2023/09/consoeurie3-1-202x300.jpg 202w, https://www.terroirpaysdesaintfelicien.org/wp-content/uploads/2023/09/consoeurie3-1-768x1143.jpg 768w, https://www.terroirpaysdesaintfelicien.org/wp-content/uploads/2023/09/consoeurie3-1.jpg 1032w" sizes="auto, (max-width: 688px) 100vw, 688px" /></a></figure>



<figure class="wp-block-image size-full"><a href="https://www.terroirpaysdesaintfelicien.org/wp-content/uploads/2023/09/consoeurie2.jpg"><img loading="lazy" decoding="async" width="750" height="998" data-id="1581" src="https://www.terroirpaysdesaintfelicien.org/wp-content/uploads/2023/09/consoeurie2.jpg" alt="" class="wp-image-1581" srcset="https://www.terroirpaysdesaintfelicien.org/wp-content/uploads/2023/09/consoeurie2.jpg 750w, https://www.terroirpaysdesaintfelicien.org/wp-content/uploads/2023/09/consoeurie2-225x300.jpg 225w" sizes="auto, (max-width: 750px) 100vw, 750px" /></a></figure>
</figure>

<p>Le Caillé Doux de Saint-Félicien est un fromage unique de part :&#8211; son aire de production, &#8211; sa fabrication exclusivement fermière,&#8211; la douceur et les arômes de son goût. Ce fromage traditionnel qui était produit localement dans presque toutes les &hellip; <a href="https://www.terroirpaysdesaintfelicien.org/?page_id=1057">Continuer la lecture <span class="meta-nav">&rarr;</span></a></p>
