{"id":1196,"date":"2022-01-22T11:34:21","date_gmt":"2022-01-22T11:34:21","guid":{"rendered":"https:\/\/www.terroirpaysdesaintfelicien.com\/?page_id=1196"},"modified":"2022-01-30T10:26:01","modified_gmt":"2022-01-30T10:26:01","slug":"savoir-faire","status":"publish","type":"page","link":"https:\/\/www.terroirpaysdesaintfelicien.org\/?page_id=1196","title":{"rendered":"Promouvoir les savoir-faire"},"content":{"rendered":"\n<p>Le Pays de Saint-F\u00e9licien a des ressources qu&rsquo;il est judicieux de bien rep\u00e9rer et de valoriser. Nous avons une certaine qualit\u00e9 de produits, de paysages, et d&rsquo;accueil. Celle-ci s&rsquo;adresse aussi bien aux visiteurs qu&rsquo;aux porteurs de projet. <br \/><br \/>Notre situation g\u00e9ographique est un atout : \u00e0 la fois proche de la vall\u00e9e europ\u00e9enne du Rh\u00f4ne et suffisamment \u00e0 l&rsquo;int\u00e9rieur pour faire vivre nos sp\u00e9cificit\u00e9s.<br \/>Des paysages de moyenne montagne avec leur \u00e9quilibre entre les prairies, les cultures, les for\u00eats, des villages et leurs habitats dispers\u00e9s. La pr\u00e9sence d&rsquo;un Espace Naturel Sensible autour des rivi\u00e8res, notamment de la Daronne, indique une biodiversit\u00e9, v\u00e9g\u00e9tale et animale, au croisement de zones climatiques (m\u00e9diterran\u00e9enne, continentale, oc\u00e9anique)&#8230;<\/p>\n<p>Des produits paysans et artisanaux qui combinent fromages (ch\u00e8vre, vache, brebis), fruits, jus de fruits, l\u00e9gumes et leurs chutneys, viandes et charcuteries&#8230; potiers, vanniers, \u00e9b\u00e9nistes r\u00e9pondent aux ma\u00e7ons habiles \u00e0 la r\u00e9novation de maisons paysannes dont l&rsquo;architecture de pierre est de grande qualit\u00e9 et d&rsquo;esth\u00e9tique \u00e9lev\u00e9e.<\/p>\n<p>Une qualit\u00e9 de l&rsquo;accueil chez les commer\u00e7ants comme chez les h\u00e9bergeurs qui est not\u00e9e par nombre de visiteurs.<\/p>\n<p>En \u00e9num\u00e9rant des produits, nous exprimons des savoir-faire : paysans, artisanaux, de table ou sociaux&#8230;<\/p>\n<p><strong>Pour promouvoir ces savoir-faire, l&rsquo;association Terroir a \u00e9dit\u00e9 un livret et un documentaires appel\u00e9s \u00ab\u00a0Le Go\u00fbt du Pays\u00a0\u00bb et accompagne la reconnaissance en AOP du Caill\u00e9 doux de Saint-F\u00e9licien.<br \/><\/strong><\/p>\n","protected":false},"excerpt":{"rendered":"","protected":false},"author":4,"featured_media":0,"parent":0,"menu_order":0,"comment_status":"closed","ping_status":"closed","template":"","meta":{"footnotes":""},"class_list":["post-1196","page","type-page","status-publish","hentry"],"_links":{"self":[{"href":"https:\/\/www.terroirpaysdesaintfelicien.org\/index.php?rest_route=\/wp\/v2\/pages\/1196","targetHints":{"allow":["GET"]}}],"collection":[{"href":"https:\/\/www.terroirpaysdesaintfelicien.org\/index.php?rest_route=\/wp\/v2\/pages"}],"about":[{"href":"https:\/\/www.terroirpaysdesaintfelicien.org\/index.php?rest_route=\/wp\/v2\/types\/page"}],"author":[{"embeddable":true,"href":"https:\/\/www.terroirpaysdesaintfelicien.org\/index.php?rest_route=\/wp\/v2\/users\/4"}],"replies":[{"embeddable":true,"href":"https:\/\/www.terroirpaysdesaintfelicien.org\/index.php?rest_route=%2Fwp%2Fv2%2Fcomments&post=1196"}],"version-history":[{"count":4,"href":"https:\/\/www.terroirpaysdesaintfelicien.org\/index.php?rest_route=\/wp\/v2\/pages\/1196\/revisions"}],"predecessor-version":[{"id":1267,"href":"https:\/\/www.terroirpaysdesaintfelicien.org\/index.php?rest_route=\/wp\/v2\/pages\/1196\/revisions\/1267"}],"wp:attachment":[{"href":"https:\/\/www.terroirpaysdesaintfelicien.org\/index.php?rest_route=%2Fwp%2Fv2%2Fmedia&parent=1196"}],"curies":[{"name":"wp","href":"https:\/\/api.w.org\/{rel}","templated":true}]}}

<p>Le Pays de Saint-Félicien a des ressources qu&rsquo;il est judicieux de bien repérer et de valoriser. Nous avons une certaine qualité de produits, de paysages, et d&rsquo;accueil. Celle-ci s&rsquo;adresse aussi bien aux visiteurs qu&rsquo;aux porteurs de projet. <br /><br />Notre situation géographique est un atout : à la fois proche de la vallée européenne du Rhône et suffisamment à l&rsquo;intérieur pour faire vivre nos spécificités.<br />Des paysages de moyenne montagne avec leur équilibre entre les prairies, les cultures, les forêts, des villages et leurs habitats dispersés. La présence d&rsquo;un Espace Naturel Sensible autour des rivières, notamment de la Daronne, indique une biodiversité, végétale et animale, au croisement de zones climatiques (méditerranéenne, continentale, océanique)&#8230;</p>
<p>Des produits paysans et artisanaux qui combinent fromages (chèvre, vache, brebis), fruits, jus de fruits, légumes et leurs chutneys, viandes et charcuteries&#8230; potiers, vanniers, ébénistes répondent aux maçons habiles à la rénovation de maisons paysannes dont l&rsquo;architecture de pierre est de grande qualité et d&rsquo;esthétique élevée.</p>
<p>Une qualité de l&rsquo;accueil chez les commerçants comme chez les hébergeurs qui est notée par nombre de visiteurs.</p>
<p>En énumérant des produits, nous exprimons des savoir-faire : paysans, artisanaux, de table ou sociaux&#8230;</p>
<p><strong>Pour promouvoir ces savoir-faire, l&rsquo;association Terroir a édité un livret et un documentaires appelés « Le Goût du Pays » et accompagne la reconnaissance en AOP du Caillé doux de Saint-Félicien.<br /></strong></p>
