{"id":1245,"date":"2022-01-30T09:56:47","date_gmt":"2022-01-30T09:56:47","guid":{"rendered":"https:\/\/www.terroirpaysdesaintfelicien.org\/?page_id=1245"},"modified":"2022-02-07T16:40:45","modified_gmt":"2022-02-07T16:40:45","slug":"publications","status":"publish","type":"page","link":"https:\/\/www.terroirpaysdesaintfelicien.org\/?page_id=1245","title":{"rendered":"Publications"},"content":{"rendered":"\n<p><strong>Le Go\u00fbt du Pays n\u00b02 &#8211; \u00e9dition 2020<\/strong><br>Nous vous proposons de consulter le contenu de ce livret ici.<br>Il est en vente au prix de 3\u20ac \u00e0 l&rsquo;Office de Tourisme de Saint-F\u00e9licien<\/p>\n\n\n\n<figure class=\"wp-block-image size-medium\"><a href=\"https:\/\/issuu.com\/home\/published\/livret_gout_du_pays_n_2\" target=\"_blank\" rel=\"noopener\"><img loading=\"lazy\" decoding=\"async\" width=\"199\" height=\"300\" src=\"https:\/\/www.terroirpaysdesaintfelicien.org\/wp-content\/uploads\/2021\/07\/Livret-2-199x300.jpg\" alt=\"\" class=\"wp-image-1045\" srcset=\"https:\/\/www.terroirpaysdesaintfelicien.org\/wp-content\/uploads\/2021\/07\/Livret-2-199x300.jpg 199w, https:\/\/www.terroirpaysdesaintfelicien.org\/wp-content\/uploads\/2021\/07\/Livret-2-768x1156.jpg 768w, https:\/\/www.terroirpaysdesaintfelicien.org\/wp-content\/uploads\/2021\/07\/Livret-2-680x1024.jpg 680w, https:\/\/www.terroirpaysdesaintfelicien.org\/wp-content\/uploads\/2021\/07\/Livret-2-780x1174.jpg 780w, https:\/\/www.terroirpaysdesaintfelicien.org\/wp-content\/uploads\/2021\/07\/Livret-2.jpg 1010w\" sizes=\"auto, (max-width: 199px) 100vw, 199px\" \/><\/a><\/figure>\n\n\n\n<p><strong>Le Go\u00fbt du Pays n\u00b01 &#8211; \u00e9dition 2018<\/strong><\/p>\n\n\n\n<figure class=\"wp-block-image size-medium\"><a href=\"https:\/\/issuu.com\/terroirpaysstfelicien\/docs\/af-terroir_pdsf-livret-v_finale\" target=\"_blank\" rel=\"noopener\"><img loading=\"lazy\" decoding=\"async\" width=\"211\" height=\"300\" src=\"https:\/\/www.terroirpaysdesaintfelicien.org\/wp-content\/uploads\/2022\/02\/couvlivret1-211x300.jpg\" alt=\"\" class=\"wp-image-1300\" srcset=\"https:\/\/www.terroirpaysdesaintfelicien.org\/wp-content\/uploads\/2022\/02\/couvlivret1-211x300.jpg 211w, https:\/\/www.terroirpaysdesaintfelicien.org\/wp-content\/uploads\/2022\/02\/couvlivret1.jpg 557w\" sizes=\"auto, (max-width: 211px) 100vw, 211px\" \/><\/a><\/figure>\n\n\n\n<p><\/p>\n\n\n\n<p>L&rsquo;association participe \u00e0 la publication de l&rsquo;\u00e9dition <em>Regards sur l&rsquo;Ard\u00e8che Verte<\/em>.<br>Sont parus et disponibles \u00e0 la vente : <br>&#8211; <em>Les terrasses de D\u00e9saignes<\/em><br>&#8211; <em>L&rsquo;\u00e9glise de Veyrines<\/em>, 40 pages, juin 2016 &#8211; 6\u20ac<br>&#8211; <em>Traces d&rsquo;histoire dans les gorges de la Daronne<\/em>, 40 pages, mars 2018 &#8211; 8\u20ac<\/p>\n\n\n\n<figure class=\"wp-block-gallery has-nested-images columns-default is-cropped wp-block-gallery-1 is-layout-flex wp-block-gallery-is-layout-flex\">\n<figure class=\"wp-block-image size-large\"><img loading=\"lazy\" decoding=\"async\" width=\"1665\" height=\"2069\" data-id=\"1359\" src=\"https:\/\/www.terroirpaysdesaintfelicien.org\/wp-content\/uploads\/2022\/02\/20220207_161915_resized.jpg\" alt=\"\" class=\"wp-image-1359\" srcset=\"https:\/\/www.terroirpaysdesaintfelicien.org\/wp-content\/uploads\/2022\/02\/20220207_161915_resized.jpg 1665w, https:\/\/www.terroirpaysdesaintfelicien.org\/wp-content\/uploads\/2022\/02\/20220207_161915_resized-241x300.jpg 241w, https:\/\/www.terroirpaysdesaintfelicien.org\/wp-content\/uploads\/2022\/02\/20220207_161915_resized-824x1024.jpg 824w, https:\/\/www.terroirpaysdesaintfelicien.org\/wp-content\/uploads\/2022\/02\/20220207_161915_resized-768x954.jpg 768w, https:\/\/www.terroirpaysdesaintfelicien.org\/wp-content\/uploads\/2022\/02\/20220207_161915_resized-1236x1536.jpg 1236w, https:\/\/www.terroirpaysdesaintfelicien.org\/wp-content\/uploads\/2022\/02\/20220207_161915_resized-1648x2048.jpg 1648w\" sizes=\"auto, (max-width: 1665px) 100vw, 1665px\" \/><\/figure>\n\n\n\n<figure class=\"wp-block-image size-large\"><img loading=\"lazy\" decoding=\"async\" width=\"1749\" height=\"2389\" data-id=\"1358\" src=\"https:\/\/www.terroirpaysdesaintfelicien.org\/wp-content\/uploads\/2022\/02\/terrasses_desaignes001.jpg\" alt=\"\" class=\"wp-image-1358\" srcset=\"https:\/\/www.terroirpaysdesaintfelicien.org\/wp-content\/uploads\/2022\/02\/terrasses_desaignes001.jpg 1749w, https:\/\/www.terroirpaysdesaintfelicien.org\/wp-content\/uploads\/2022\/02\/terrasses_desaignes001-220x300.jpg 220w, https:\/\/www.terroirpaysdesaintfelicien.org\/wp-content\/uploads\/2022\/02\/terrasses_desaignes001-750x1024.jpg 750w, https:\/\/www.terroirpaysdesaintfelicien.org\/wp-content\/uploads\/2022\/02\/terrasses_desaignes001-768x1049.jpg 768w, https:\/\/www.terroirpaysdesaintfelicien.org\/wp-content\/uploads\/2022\/02\/terrasses_desaignes001-1125x1536.jpg 1125w, https:\/\/www.terroirpaysdesaintfelicien.org\/wp-content\/uploads\/2022\/02\/terrasses_desaignes001-1499x2048.jpg 1499w\" sizes=\"auto, (max-width: 1749px) 100vw, 1749px\" \/><\/figure>\n\n\n\n<figure class=\"wp-block-image size-large\"><img loading=\"lazy\" decoding=\"async\" width=\"442\" height=\"622\" data-id=\"1357\" src=\"https:\/\/www.terroirpaysdesaintfelicien.org\/wp-content\/uploads\/2022\/02\/veyrines.jpg\" alt=\"\" class=\"wp-image-1357\" srcset=\"https:\/\/www.terroirpaysdesaintfelicien.org\/wp-content\/uploads\/2022\/02\/veyrines.jpg 442w, https:\/\/www.terroirpaysdesaintfelicien.org\/wp-content\/uploads\/2022\/02\/veyrines-213x300.jpg 213w\" sizes=\"auto, (max-width: 442px) 100vw, 442px\" \/><\/figure>\n<\/figure>\n\n\n\n<p>Affiches des \u00e9v\u00e9nements pass\u00e9s et cartes postales<\/p>\n","protected":false},"excerpt":{"rendered":"<p>Le Go\u00fbt du Pays n\u00b02 &#8211; \u00e9dition 2020Nous vous proposons de consulter le contenu de ce livret ici.Il est en vente au prix de 3\u20ac \u00e0 l&rsquo;Office de Tourisme de Saint-F\u00e9licien L&rsquo;association participe \u00e0 la publication de l&rsquo;\u00e9dition Regards sur &hellip; <a href=\"https:\/\/www.terroirpaysdesaintfelicien.org\/?page_id=1245\">Continuer la lecture <span class=\"meta-nav\">&rarr;<\/span><\/a><\/p>\n","protected":false},"author":5,"featured_media":0,"parent":0,"menu_order":0,"comment_status":"closed","ping_status":"closed","template":"","meta":{"footnotes":""},"class_list":["post-1245","page","type-page","status-publish","hentry"],"_links":{"self":[{"href":"https:\/\/www.terroirpaysdesaintfelicien.org\/index.php?rest_route=\/wp\/v2\/pages\/1245","targetHints":{"allow":["GET"]}}],"collection":[{"href":"https:\/\/www.terroirpaysdesaintfelicien.org\/index.php?rest_route=\/wp\/v2\/pages"}],"about":[{"href":"https:\/\/www.terroirpaysdesaintfelicien.org\/index.php?rest_route=\/wp\/v2\/types\/page"}],"author":[{"embeddable":true,"href":"https:\/\/www.terroirpaysdesaintfelicien.org\/index.php?rest_route=\/wp\/v2\/users\/5"}],"replies":[{"embeddable":true,"href":"https:\/\/www.terroirpaysdesaintfelicien.org\/index.php?rest_route=%2Fwp%2Fv2%2Fcomments&post=1245"}],"version-history":[{"count":13,"href":"https:\/\/www.terroirpaysdesaintfelicien.org\/index.php?rest_route=\/wp\/v2\/pages\/1245\/revisions"}],"predecessor-version":[{"id":1385,"href":"https:\/\/www.terroirpaysdesaintfelicien.org\/index.php?rest_route=\/wp\/v2\/pages\/1245\/revisions\/1385"}],"wp:attachment":[{"href":"https:\/\/www.terroirpaysdesaintfelicien.org\/index.php?rest_route=%2Fwp%2Fv2%2Fmedia&parent=1245"}],"curies":[{"name":"wp","href":"https:\/\/api.w.org\/{rel}","templated":true}]}}

<p><strong>Le Goût du Pays n°2 &#8211; édition 2020</strong><br>Nous vous proposons de consulter le contenu de ce livret ici.<br>Il est en vente au prix de 3€ à l&rsquo;Office de Tourisme de Saint-Félicien</p>



<figure class="wp-block-image size-medium"><a href="https://issuu.com/home/published/livret_gout_du_pays_n_2" target="_blank" rel="noopener"><img loading="lazy" decoding="async" width="199" height="300" src="https://www.terroirpaysdesaintfelicien.org/wp-content/uploads/2021/07/Livret-2-199x300.jpg" alt="" class="wp-image-1045" srcset="https://www.terroirpaysdesaintfelicien.org/wp-content/uploads/2021/07/Livret-2-199x300.jpg 199w, https://www.terroirpaysdesaintfelicien.org/wp-content/uploads/2021/07/Livret-2-768x1156.jpg 768w, https://www.terroirpaysdesaintfelicien.org/wp-content/uploads/2021/07/Livret-2-680x1024.jpg 680w, https://www.terroirpaysdesaintfelicien.org/wp-content/uploads/2021/07/Livret-2-780x1174.jpg 780w, https://www.terroirpaysdesaintfelicien.org/wp-content/uploads/2021/07/Livret-2.jpg 1010w" sizes="auto, (max-width: 199px) 100vw, 199px" /></a></figure>



<p><strong>Le Goût du Pays n°1 &#8211; édition 2018</strong></p>



<figure class="wp-block-image size-medium"><a href="https://issuu.com/terroirpaysstfelicien/docs/af-terroir_pdsf-livret-v_finale" target="_blank" rel="noopener"><img loading="lazy" decoding="async" width="211" height="300" src="https://www.terroirpaysdesaintfelicien.org/wp-content/uploads/2022/02/couvlivret1-211x300.jpg" alt="" class="wp-image-1300" srcset="https://www.terroirpaysdesaintfelicien.org/wp-content/uploads/2022/02/couvlivret1-211x300.jpg 211w, https://www.terroirpaysdesaintfelicien.org/wp-content/uploads/2022/02/couvlivret1.jpg 557w" sizes="auto, (max-width: 211px) 100vw, 211px" /></a></figure>



<p></p>



<p>L&rsquo;association participe à la publication de l&rsquo;édition <em>Regards sur l&rsquo;Ardèche Verte</em>.<br>Sont parus et disponibles à la vente : <br>&#8211; <em>Les terrasses de Désaignes</em><br>&#8211; <em>L&rsquo;église de Veyrines</em>, 40 pages, juin 2016 &#8211; 6€<br>&#8211; <em>Traces d&rsquo;histoire dans les gorges de la Daronne</em>, 40 pages, mars 2018 &#8211; 8€</p>



<figure class="wp-block-gallery has-nested-images columns-default is-cropped wp-block-gallery-1 is-layout-flex wp-block-gallery-is-layout-flex">
<figure class="wp-block-image size-large"><img loading="lazy" decoding="async" width="1665" height="2069" data-id="1359" src="https://www.terroirpaysdesaintfelicien.org/wp-content/uploads/2022/02/20220207_161915_resized.jpg" alt="" class="wp-image-1359" srcset="https://www.terroirpaysdesaintfelicien.org/wp-content/uploads/2022/02/20220207_161915_resized.jpg 1665w, https://www.terroirpaysdesaintfelicien.org/wp-content/uploads/2022/02/20220207_161915_resized-241x300.jpg 241w, https://www.terroirpaysdesaintfelicien.org/wp-content/uploads/2022/02/20220207_161915_resized-824x1024.jpg 824w, https://www.terroirpaysdesaintfelicien.org/wp-content/uploads/2022/02/20220207_161915_resized-768x954.jpg 768w, https://www.terroirpaysdesaintfelicien.org/wp-content/uploads/2022/02/20220207_161915_resized-1236x1536.jpg 1236w, https://www.terroirpaysdesaintfelicien.org/wp-content/uploads/2022/02/20220207_161915_resized-1648x2048.jpg 1648w" sizes="auto, (max-width: 1665px) 100vw, 1665px" /></figure>



<figure class="wp-block-image size-large"><img loading="lazy" decoding="async" width="1749" height="2389" data-id="1358" src="https://www.terroirpaysdesaintfelicien.org/wp-content/uploads/2022/02/terrasses_desaignes001.jpg" alt="" class="wp-image-1358" srcset="https://www.terroirpaysdesaintfelicien.org/wp-content/uploads/2022/02/terrasses_desaignes001.jpg 1749w, https://www.terroirpaysdesaintfelicien.org/wp-content/uploads/2022/02/terrasses_desaignes001-220x300.jpg 220w, https://www.terroirpaysdesaintfelicien.org/wp-content/uploads/2022/02/terrasses_desaignes001-750x1024.jpg 750w, https://www.terroirpaysdesaintfelicien.org/wp-content/uploads/2022/02/terrasses_desaignes001-768x1049.jpg 768w, https://www.terroirpaysdesaintfelicien.org/wp-content/uploads/2022/02/terrasses_desaignes001-1125x1536.jpg 1125w, https://www.terroirpaysdesaintfelicien.org/wp-content/uploads/2022/02/terrasses_desaignes001-1499x2048.jpg 1499w" sizes="auto, (max-width: 1749px) 100vw, 1749px" /></figure>



<figure class="wp-block-image size-large"><img loading="lazy" decoding="async" width="442" height="622" data-id="1357" src="https://www.terroirpaysdesaintfelicien.org/wp-content/uploads/2022/02/veyrines.jpg" alt="" class="wp-image-1357" srcset="https://www.terroirpaysdesaintfelicien.org/wp-content/uploads/2022/02/veyrines.jpg 442w, https://www.terroirpaysdesaintfelicien.org/wp-content/uploads/2022/02/veyrines-213x300.jpg 213w" sizes="auto, (max-width: 442px) 100vw, 442px" /></figure>
</figure>



<p>Affiches des événements passés et cartes postales</p>

<p>Le Goût du Pays n°2 &#8211; édition 2020Nous vous proposons de consulter le contenu de ce livret ici.Il est en vente au prix de 3€ à l&rsquo;Office de Tourisme de Saint-Félicien L&rsquo;association participe à la publication de l&rsquo;édition Regards sur &hellip; <a href="https://www.terroirpaysdesaintfelicien.org/?page_id=1245">Continuer la lecture <span class="meta-nav">&rarr;</span></a></p>
