{"id":1248,"date":"2022-01-30T09:56:47","date_gmt":"2022-01-30T09:56:47","guid":{"rendered":"https:\/\/www.terroirpaysdesaintfelicien.org\/?page_id=1248"},"modified":"2023-07-24T19:11:05","modified_gmt":"2023-07-24T19:11:05","slug":"cartographie-participative","status":"publish","type":"page","link":"https:\/\/www.terroirpaysdesaintfelicien.org\/?page_id=1248","title":{"rendered":"Cartographie participative"},"content":{"rendered":"\n<p>La cartographie participative consiste \u00e0 permettre \u00e0 des non-sp\u00e9cialistes de la cartographie de participer \u00e0 la construction d&rsquo;une carte, de mani\u00e8re collective, g\u00e9n\u00e9ralement \u00e0 l&rsquo;aide d&rsquo;internet.<br>L&rsquo;objectif est de cartographier l&rsquo;espace per\u00e7u ou l&rsquo;espace v\u00e9cu des habitants et de confronter la mani\u00e8re dont chacun imagine l&rsquo;avenir du Pays de Saint-F\u00e9licien.&nbsp;<br><br>Toponymie, sites remarquables, les ateliers de cartographie de Terroir permettent de tisser des liens entre les d\u00e9tenteurs d&rsquo;un savoir oral et les habitants en soif de connaissance du territoire o\u00f9 ils vivent. <\/p>\n\n\n\n<p>Les cartes interactives \u00e9dit\u00e9es par Terroir, sont des illustrations des \u00e9v\u00e8nements. En 2022, nous avons publi\u00e9 2 cartes\u00a0:<\/p>\n\n\n\n<p>Cartopartie Terroir Pays de Saint-F\u00e9licien (cliquez sur l&rsquo;image) :<\/p>\n\n\n\n<figure class=\"wp-block-image size-large\"><a href=\"http:\/\/u.osmfr.org\/m\/364714\/\" target=\"_blank\" rel=\"http:\/\/u.osmfr.org\/m\/364714\/ noreferrer noopener\"><img loading=\"lazy\" decoding=\"async\" width=\"1024\" height=\"569\" src=\"https:\/\/www.terroirpaysdesaintfelicien.org\/wp-content\/uploads\/2022\/12\/cartopartie-1024x569.jpg\" alt=\"\" class=\"wp-image-1467\" srcset=\"https:\/\/www.terroirpaysdesaintfelicien.org\/wp-content\/uploads\/2022\/12\/cartopartie-1024x569.jpg 1024w, https:\/\/www.terroirpaysdesaintfelicien.org\/wp-content\/uploads\/2022\/12\/cartopartie-300x167.jpg 300w, https:\/\/www.terroirpaysdesaintfelicien.org\/wp-content\/uploads\/2022\/12\/cartopartie-768x427.jpg 768w, https:\/\/www.terroirpaysdesaintfelicien.org\/wp-content\/uploads\/2022\/12\/cartopartie-1536x853.jpg 1536w, https:\/\/www.terroirpaysdesaintfelicien.org\/wp-content\/uploads\/2022\/12\/cartopartie-500x278.jpg 500w, https:\/\/www.terroirpaysdesaintfelicien.org\/wp-content\/uploads\/2022\/12\/cartopartie.jpg 1924w\" sizes=\"auto, (max-width: 1024px) 100vw, 1024px\" \/><\/a><\/figure>\n\n\n\n<hr class=\"wp-block-separator has-alpha-channel-opacity\"\/>\n\n\n\n<p>Moulins des M\u00e9andres du Doux : Le Crestet, Arlebosc, Boucieu-le-Roi<\/p>\n\n\n\n<figure class=\"wp-block-image size-large\"><a href=\"http:\/\/u.osmfr.org\/m\/633946\/\"><img loading=\"lazy\" decoding=\"async\" width=\"1024\" height=\"572\" src=\"https:\/\/www.terroirpaysdesaintfelicien.org\/wp-content\/uploads\/2022\/12\/cartodoux-1024x572.jpg\" alt=\"\" class=\"wp-image-1469\" srcset=\"https:\/\/www.terroirpaysdesaintfelicien.org\/wp-content\/uploads\/2022\/12\/cartodoux-1024x572.jpg 1024w, https:\/\/www.terroirpaysdesaintfelicien.org\/wp-content\/uploads\/2022\/12\/cartodoux-300x168.jpg 300w, https:\/\/www.terroirpaysdesaintfelicien.org\/wp-content\/uploads\/2022\/12\/cartodoux-768x429.jpg 768w, https:\/\/www.terroirpaysdesaintfelicien.org\/wp-content\/uploads\/2022\/12\/cartodoux-1536x858.jpg 1536w, https:\/\/www.terroirpaysdesaintfelicien.org\/wp-content\/uploads\/2022\/12\/cartodoux-500x279.jpg 500w, https:\/\/www.terroirpaysdesaintfelicien.org\/wp-content\/uploads\/2022\/12\/cartodoux.jpg 1543w\" sizes=\"auto, (max-width: 1024px) 100vw, 1024px\" \/><\/a><\/figure>\n\n\n\n<hr class=\"wp-block-separator has-alpha-channel-opacity\"\/>\n\n\n\n<p>En 2023, nous proposons une carte de la toponymie en occitan des villages et cours d&rsquo;eau.<br>Mais qu&rsquo;entend-on par toponymie ? par Occitan ? Vous trouverez quelques cl\u00e9s avec le document \u00e0 <a rel=\"noreferrer noopener\" href=\"https:\/\/www.terroirpaysdesaintfelicien.org\/wp-content\/uploads\/2023\/07\/occitan-toponymie.pdf\" target=\"_blank\">t\u00e9l\u00e9charger ici<\/a>.<\/p>\n\n\n\n<figure class=\"wp-block-image size-large\"><a href=\"http:\/\/u.osmfr.org\/m\/900068\/\" target=\"_blank\" rel=\"noreferrer noopener\"><img loading=\"lazy\" decoding=\"async\" width=\"1024\" height=\"655\" src=\"https:\/\/www.terroirpaysdesaintfelicien.org\/wp-content\/uploads\/2023\/07\/occitan-1024x655.jpg\" alt=\"\" class=\"wp-image-1558\" srcset=\"https:\/\/www.terroirpaysdesaintfelicien.org\/wp-content\/uploads\/2023\/07\/occitan-1024x655.jpg 1024w, https:\/\/www.terroirpaysdesaintfelicien.org\/wp-content\/uploads\/2023\/07\/occitan-300x192.jpg 300w, https:\/\/www.terroirpaysdesaintfelicien.org\/wp-content\/uploads\/2023\/07\/occitan-768x491.jpg 768w, https:\/\/www.terroirpaysdesaintfelicien.org\/wp-content\/uploads\/2023\/07\/occitan-469x300.jpg 469w, https:\/\/www.terroirpaysdesaintfelicien.org\/wp-content\/uploads\/2023\/07\/occitan.jpg 1283w\" sizes=\"auto, (max-width: 1024px) 100vw, 1024px\" \/><\/a><\/figure>\n\n\n\n<p><br><span style=\"text-decoration: underline;\">Petit mode d\u2019emploi\u00a0:<\/span><\/p>\n\n\n\n<p>La carte comporte un petit menu vertical sur la gauche de l\u2019\u00e9cran&nbsp;:<br>&#8211;&nbsp;&nbsp;&nbsp;&nbsp;&nbsp;&nbsp;&nbsp; Les signes + ou \u2013 correspondent au degr\u00e9 de taille d\u00e9sir\u00e9,<br>&#8211;&nbsp;&nbsp;&nbsp;&nbsp;&nbsp;&nbsp;&nbsp; La loupe permet de rechercher un nom particulier,<br>&#8211;&nbsp;&nbsp;&nbsp;&nbsp;&nbsp;&nbsp;&nbsp; Le carr\u00e9 permet de passer en mode plein \u00e9cran,<br>&#8211;&nbsp;&nbsp;&nbsp;&nbsp;&nbsp;&nbsp;&nbsp; La \u00ab&nbsp;pile d\u2019assiettes&nbsp;\u00bb&nbsp; permet de visualiser les donn\u00e9es.<\/p>\n\n\n\n<p>Le principe est celui des calques transparents, vous pouvez cacher, le calque des moulins&nbsp; en appuyant sur le pictogramme de l\u2019\u0153il (\u00e0 gauche), les moulins vont dispara\u00eetre de la carte&nbsp; (l\u2019\u0153il va \u00eatre barr\u00e9 et ferm\u00e9). Si vous voulez ne voir que les moulins, vous appuyez sur tous les autres calques (constructions, b\u00e9ali\u00e8res , etc.).<\/p>\n\n\n\n<p>Toujours dans cette m\u00eame fen\u00eatre \u00e0 gauche de \u00ab&nbsp;visualiser les donn\u00e9es&nbsp;\u00bb, en cliquant sur le carr\u00e9 gris\u00e9 une fen\u00eatre verticale \u00e0 droite de l\u2019\u00e9cran fait appara\u00eetre les d\u00e9tails des \u00e9l\u00e9ments.<\/p>\n\n\n\n<p>Vous voulez ajouter des \u00e9l\u00e9ments (noms de hameaux, patrimoine b\u00e2ti, arbres remarquables&#8230;) sur ces cartes et participer \u00e0 leur enrichissement ?<br>Envoyez un mail \u00e0 <a href=\"mailto:cjfmich@gmail.com\" target=\"_blank\" rel=\"noreferrer noopener\">Jean-Fran\u00e7ois<\/a>.<\/p>\n","protected":false},"excerpt":{"rendered":"<p>La cartographie participative consiste \u00e0 permettre \u00e0 des non-sp\u00e9cialistes de la cartographie de participer \u00e0 la construction d&rsquo;une carte, de mani\u00e8re collective, g\u00e9n\u00e9ralement \u00e0 l&rsquo;aide d&rsquo;internet.L&rsquo;objectif est de cartographier l&rsquo;espace per\u00e7u ou l&rsquo;espace v\u00e9cu des habitants et de confronter la &hellip; <a href=\"https:\/\/www.terroirpaysdesaintfelicien.org\/?page_id=1248\">Continuer la lecture <span class=\"meta-nav\">&rarr;<\/span><\/a><\/p>\n","protected":false},"author":5,"featured_media":0,"parent":0,"menu_order":0,"comment_status":"closed","ping_status":"closed","template":"","meta":{"footnotes":""},"class_list":["post-1248","page","type-page","status-publish","hentry"],"_links":{"self":[{"href":"https:\/\/www.terroirpaysdesaintfelicien.org\/index.php?rest_route=\/wp\/v2\/pages\/1248","targetHints":{"allow":["GET"]}}],"collection":[{"href":"https:\/\/www.terroirpaysdesaintfelicien.org\/index.php?rest_route=\/wp\/v2\/pages"}],"about":[{"href":"https:\/\/www.terroirpaysdesaintfelicien.org\/index.php?rest_route=\/wp\/v2\/types\/page"}],"author":[{"embeddable":true,"href":"https:\/\/www.terroirpaysdesaintfelicien.org\/index.php?rest_route=\/wp\/v2\/users\/5"}],"replies":[{"embeddable":true,"href":"https:\/\/www.terroirpaysdesaintfelicien.org\/index.php?rest_route=%2Fwp%2Fv2%2Fcomments&post=1248"}],"version-history":[{"count":9,"href":"https:\/\/www.terroirpaysdesaintfelicien.org\/index.php?rest_route=\/wp\/v2\/pages\/1248\/revisions"}],"predecessor-version":[{"id":1560,"href":"https:\/\/www.terroirpaysdesaintfelicien.org\/index.php?rest_route=\/wp\/v2\/pages\/1248\/revisions\/1560"}],"wp:attachment":[{"href":"https:\/\/www.terroirpaysdesaintfelicien.org\/index.php?rest_route=%2Fwp%2Fv2%2Fmedia&parent=1248"}],"curies":[{"name":"wp","href":"https:\/\/api.w.org\/{rel}","templated":true}]}}