{"id":1477,"date":"2022-12-17T11:03:50","date_gmt":"2022-12-17T11:03:50","guid":{"rendered":"https:\/\/www.terroirpaysdesaintfelicien.org\/?page_id=1477"},"modified":"2022-12-17T14:15:06","modified_gmt":"2022-12-17T14:15:06","slug":"balades-patrimoniales","status":"publish","type":"page","link":"https:\/\/www.terroirpaysdesaintfelicien.org\/?page_id=1477","title":{"rendered":"Balades patrimoniales"},"content":{"rendered":"\n<p>\u00ab&nbsp;Les Bois du Doux&nbsp;\u00bb et \u00ab&nbsp;Les Eaux du Doux&nbsp;\u00bb sont des balades cr\u00e9\u00e9es pour les Journ\u00e9es Europ\u00e9ennes du Patrimoine en 2021 puis en 2022. Elles sont n\u00e9es de rencontres.<\/p>\n\n\n\n<p><em>Rencontres<\/em> avec le Doux, avec les b\u00e9ali\u00e8res au d\u00e9tour d\u2019une des bo\u00eetes aux lettres des \u00ab&nbsp;Archives cach\u00e9es d\u2019Arlebosc&nbsp;\u00bb. Et cela donna des histoires de rivi\u00e8re et d\u2019eau qui coulait d\u2019un moulin \u00e0 l\u2019autre, irriguait les champs, se perdait dans les bois.<\/p>\n\n\n\n<p><em>Rencontres<\/em> entre Christine Breton, conservateur honoraire du Patrimoine et l\u2019association Terroir pays de Saint-F\u00e9licien. A \u00e9couter la rivi\u00e8re et ceux et celles qui l\u2019habitent, arbres et animaux, nymphes et dragon, \u00e0 suivre m\u00e9andres et canaux, une histoire s\u2019\u00e9baucha qui devint commune \u00e0 tous, du dragon aux humains.<\/p>\n\n\n\n<p>Les \u00ab&nbsp;Bois du Doux&nbsp;\u00bb, ce fut le 18 septembre 2021, une balade dans le triangle des 3 communes&nbsp;: Arlebosc, Le Crestet, Empurany \u00e0 la<em> rencontre<\/em> du patrimoine naturel et culturel sous toutes ses formes imaginaires et industrielles.<\/p>\n\n\n\n<p>Les \u00ab\u00a0Eaux du Doux\u00a0\u00bb, le 17 septembre 2022, nous emmen\u00e8rent \u00e0 la <em>rencontre<\/em> des moulins et plus profond\u00e9ment dans les m\u00e9andres de la rivi\u00e8re, dans ces tapis de paysages superpos\u00e9s o\u00f9 se m\u00ealent pass\u00e9 et pr\u00e9sent. Retrouvez ici le <a rel=\"noreferrer noopener\" href=\"https:\/\/www.terroirpaysdesaintfelicien.org\/wp-content\/uploads\/2022\/12\/Balade-patrimoniale-170922.pdf\" target=\"_blank\">compte-rendu de la balade du 17 septembre 2022<\/a>.<\/p>\n\n\n\n<p>Ces balades se veulent d\u2019abord <em>rencontres<\/em>, de celles qui incitent \u00e0 entendre les voix qui parlent doucement et ont besoin que les n\u00f4tres se taisent.<br>Et \u00e0 \u00e9couter celle de Doux qui du haut de ses 957 m d\u2019\u00e9nergie nous souffle des possibles pour l\u2019avenir, \u00e0 l\u2019entendre s\u2019est fait peu \u00e0 peu en nous l\u2019id\u00e9e d\u2019un parlement o\u00f9 chacun des berges, vivants et non-vivants pourraient venir et dire et \u00eatre \u00e9cout\u00e9.<\/p>\n\n\n\n<p>Un <a href=\"https:\/\/www.terroirpaysdesaintfelicien.org\/wp-content\/uploads\/2022\/12\/parlement-de-doux.pdf\" target=\"_blank\" rel=\"noreferrer noopener\">parlement de Doux<\/a>\u00a0!<\/p>\n\n\n\n<p><\/p>\n\n\n\n<figure class=\"wp-block-image size-large\"><a href=\"https:\/\/www.terroirpaysdesaintfelicien.org\/wp-content\/uploads\/2022\/12\/doux.jpg\"><img loading=\"lazy\" decoding=\"async\" width=\"1024\" height=\"770\" src=\"https:\/\/www.terroirpaysdesaintfelicien.org\/wp-content\/uploads\/2022\/12\/doux-1024x770.jpg\" alt=\"\" class=\"wp-image-1501\" srcset=\"https:\/\/www.terroirpaysdesaintfelicien.org\/wp-content\/uploads\/2022\/12\/doux-1024x770.jpg 1024w, https:\/\/www.terroirpaysdesaintfelicien.org\/wp-content\/uploads\/2022\/12\/doux-300x225.jpg 300w, https:\/\/www.terroirpaysdesaintfelicien.org\/wp-content\/uploads\/2022\/12\/doux-768x577.jpg 768w, https:\/\/www.terroirpaysdesaintfelicien.org\/wp-content\/uploads\/2022\/12\/doux-399x300.jpg 399w, https:\/\/www.terroirpaysdesaintfelicien.org\/wp-content\/uploads\/2022\/12\/doux.jpg 1071w\" sizes=\"auto, (max-width: 1024px) 100vw, 1024px\" \/><\/a><\/figure>\n","protected":false},"excerpt":{"rendered":"<p>\u00ab&nbsp;Les Bois du Doux&nbsp;\u00bb et \u00ab&nbsp;Les Eaux du Doux&nbsp;\u00bb sont des balades cr\u00e9\u00e9es pour les Journ\u00e9es Europ\u00e9ennes du Patrimoine en 2021 puis en 2022. Elles sont n\u00e9es de rencontres. Rencontres avec le Doux, avec les b\u00e9ali\u00e8res au d\u00e9tour d\u2019une des &hellip; <a href=\"https:\/\/www.terroirpaysdesaintfelicien.org\/?page_id=1477\">Continuer la lecture <span class=\"meta-nav\">&rarr;<\/span><\/a><\/p>\n","protected":false},"author":4,"featured_media":0,"parent":0,"menu_order":0,"comment_status":"closed","ping_status":"closed","template":"","meta":{"footnotes":""},"class_list":["post-1477","page","type-page","status-publish","hentry"],"_links":{"self":[{"href":"https:\/\/www.terroirpaysdesaintfelicien.org\/index.php?rest_route=\/wp\/v2\/pages\/1477","targetHints":{"allow":["GET"]}}],"collection":[{"href":"https:\/\/www.terroirpaysdesaintfelicien.org\/index.php?rest_route=\/wp\/v2\/pages"}],"about":[{"href":"https:\/\/www.terroirpaysdesaintfelicien.org\/index.php?rest_route=\/wp\/v2\/types\/page"}],"author":[{"embeddable":true,"href":"https:\/\/www.terroirpaysdesaintfelicien.org\/index.php?rest_route=\/wp\/v2\/users\/4"}],"replies":[{"embeddable":true,"href":"https:\/\/www.terroirpaysdesaintfelicien.org\/index.php?rest_route=%2Fwp%2Fv2%2Fcomments&post=1477"}],"version-history":[{"count":5,"href":"https:\/\/www.terroirpaysdesaintfelicien.org\/index.php?rest_route=\/wp\/v2\/pages\/1477\/revisions"}],"predecessor-version":[{"id":1502,"href":"https:\/\/www.terroirpaysdesaintfelicien.org\/index.php?rest_route=\/wp\/v2\/pages\/1477\/revisions\/1502"}],"wp:attachment":[{"href":"https:\/\/www.terroirpaysdesaintfelicien.org\/index.php?rest_route=%2Fwp%2Fv2%2Fmedia&parent=1477"}],"curies":[{"name":"wp","href":"https:\/\/api.w.org\/{rel}","templated":true}]}}

<p>«&nbsp;Les Bois du Doux&nbsp;» et «&nbsp;Les Eaux du Doux&nbsp;» sont des balades créées pour les Journées Européennes du Patrimoine en 2021 puis en 2022. Elles sont nées de rencontres.</p>



<p><em>Rencontres</em> avec le Doux, avec les béalières au détour d’une des boîtes aux lettres des «&nbsp;Archives cachées d’Arlebosc&nbsp;». Et cela donna des histoires de rivière et d’eau qui coulait d’un moulin à l’autre, irriguait les champs, se perdait dans les bois.</p>



<p><em>Rencontres</em> entre Christine Breton, conservateur honoraire du Patrimoine et l’association Terroir pays de Saint-Félicien. A écouter la rivière et ceux et celles qui l’habitent, arbres et animaux, nymphes et dragon, à suivre méandres et canaux, une histoire s’ébaucha qui devint commune à tous, du dragon aux humains.</p>



<p>Les «&nbsp;Bois du Doux&nbsp;», ce fut le 18 septembre 2021, une balade dans le triangle des 3 communes&nbsp;: Arlebosc, Le Crestet, Empurany à la<em> rencontre</em> du patrimoine naturel et culturel sous toutes ses formes imaginaires et industrielles.</p>



<p>Les « Eaux du Doux », le 17 septembre 2022, nous emmenèrent à la <em>rencontre</em> des moulins et plus profondément dans les méandres de la rivière, dans ces tapis de paysages superposés où se mêlent passé et présent. Retrouvez ici le <a rel="noreferrer noopener" href="https://www.terroirpaysdesaintfelicien.org/wp-content/uploads/2022/12/Balade-patrimoniale-170922.pdf" target="_blank">compte-rendu de la balade du 17 septembre 2022</a>.</p>



<p>Ces balades se veulent d’abord <em>rencontres</em>, de celles qui incitent à entendre les voix qui parlent doucement et ont besoin que les nôtres se taisent.<br>Et à écouter celle de Doux qui du haut de ses 957 m d’énergie nous souffle des possibles pour l’avenir, à l’entendre s’est fait peu à peu en nous l’idée d’un parlement où chacun des berges, vivants et non-vivants pourraient venir et dire et être écouté.</p>



<p>Un <a href="https://www.terroirpaysdesaintfelicien.org/wp-content/uploads/2022/12/parlement-de-doux.pdf" target="_blank" rel="noreferrer noopener">parlement de Doux</a> !</p>



<p></p>



<figure class="wp-block-image size-large"><a href="https://www.terroirpaysdesaintfelicien.org/wp-content/uploads/2022/12/doux.jpg"><img loading="lazy" decoding="async" width="1024" height="770" src="https://www.terroirpaysdesaintfelicien.org/wp-content/uploads/2022/12/doux-1024x770.jpg" alt="" class="wp-image-1501" srcset="https://www.terroirpaysdesaintfelicien.org/wp-content/uploads/2022/12/doux-1024x770.jpg 1024w, https://www.terroirpaysdesaintfelicien.org/wp-content/uploads/2022/12/doux-300x225.jpg 300w, https://www.terroirpaysdesaintfelicien.org/wp-content/uploads/2022/12/doux-768x577.jpg 768w, https://www.terroirpaysdesaintfelicien.org/wp-content/uploads/2022/12/doux-399x300.jpg 399w, https://www.terroirpaysdesaintfelicien.org/wp-content/uploads/2022/12/doux.jpg 1071w" sizes="auto, (max-width: 1024px) 100vw, 1024px" /></a></figure>

<p>«&nbsp;Les Bois du Doux&nbsp;» et «&nbsp;Les Eaux du Doux&nbsp;» sont des balades créées pour les Journées Européennes du Patrimoine en 2021 puis en 2022. Elles sont nées de rencontres. Rencontres avec le Doux, avec les béalières au détour d’une des &hellip; <a href="https://www.terroirpaysdesaintfelicien.org/?page_id=1477">Continuer la lecture <span class="meta-nav">&rarr;</span></a></p>
