{"id":1590,"date":"2024-07-16T06:45:13","date_gmt":"2024-07-16T06:45:13","guid":{"rendered":"https:\/\/www.terroirpaysdesaintfelicien.org\/?page_id=1590"},"modified":"2025-08-26T21:18:36","modified_gmt":"2025-08-26T21:18:36","slug":"occitan","status":"publish","type":"page","link":"https:\/\/www.terroirpaysdesaintfelicien.org\/?page_id=1590","title":{"rendered":"Occitan"},"content":{"rendered":"\n<p>Le parler du Haut-Vivarais s\u2019inscrit dans l\u2019ensemble linguistique occitan. Il se classe pr\u00e9cis\u00e9ment dans le vivaro-vellave, une branche de l\u2019occitan vivaro-alpin.<\/p>\n\n\n\n<figure class=\"wp-block-image size-full\"><a href=\"https:\/\/www.terroirpaysdesaintfelicien.org\/wp-content\/uploads\/2025\/02\/dialectes.jpg\"><img loading=\"lazy\" decoding=\"async\" width=\"687\" height=\"455\" src=\"https:\/\/www.terroirpaysdesaintfelicien.org\/wp-content\/uploads\/2025\/02\/dialectes.jpg\" alt=\"\" class=\"wp-image-1616\" srcset=\"https:\/\/www.terroirpaysdesaintfelicien.org\/wp-content\/uploads\/2025\/02\/dialectes.jpg 687w, https:\/\/www.terroirpaysdesaintfelicien.org\/wp-content\/uploads\/2025\/02\/dialectes-300x199.jpg 300w, https:\/\/www.terroirpaysdesaintfelicien.org\/wp-content\/uploads\/2025\/02\/dialectes-453x300.jpg 453w\" sizes=\"auto, (max-width: 687px) 100vw, 687px\" \/><\/a><\/figure>\n\n\n\n<p>Pour plus d\u2019informations sur l\u2019occitan de cette zone g\u00e9ographique, vous pouvez consulter le site : <a href=\"https:\/\/www.bartavel.com\/\">www.bartavel.com<\/a><br><br>Terroir Pays de Saint-F\u00e9licien, dans <a href=\"https:\/\/www.terroirpaysdesaintfelicien.org\/?page_id=1600\">cette dynamique<\/a>, promeut la langue occitane.<br>Elle rappelle les histoires du pays avec le circuit \u00ab\u00a0Dans les pas de Marie Mourier\u00a0\u00bb \u00e0 Vaudevant, est \u00e0 l&rsquo;initiative de la double signal\u00e9tique des panneaux d&rsquo;entr\u00e9e\/sortie de village met en place des cours d&rsquo;occitan pour d\u00e9butants et enfin a organis\u00e9 le premier <a href=\"https:\/\/www.terroirpaysdesaintfelicien.org\/?page_id=1255\">Fest&rsquo;Oc du 14 au 16 mars 2025<\/a>.<\/p>\n\n\n\n<p><strong>Cours d&rsquo;Occitan<\/strong><br>Deux cours d&rsquo;occitan sont pr\u00e9vus tout au long de l&rsquo;ann\u00e9e 2025-2026 :<br>&#8211; Cours d\u00e9butant un samedi par mois (3h x 10 s\u00e9ances) au Couvent de Saint-F\u00e9licien avec Marc Nouaille et Patrick Cros (renseignements <a href=\"mailto:terroirpaysdesaintfelicien@gmail.com\">terroirpaysdesaintfelicien@gmail.com<\/a> \/ 07 81 14 04 19).<br>&#8211; Cours pour personnes connaissant d\u00e9j\u00e0 la langue : \u00e0 Saint-Victor avec Jean Dodet de Parlarem en Vivar\u00e9s (renseignements au 06 73 57 12 25).<br><br>Le cours d\u00e9butant se d\u00e9roulera en deux parties avec deux intervenants.<br>> Une partie vocabulaire, expressions, phrases de la vie quotidienne (se saluer, parler de la pluie et du beau temps\u2026 )<br>> Une partie conjugaison\/grammaire \u00e0 partir de fiches concernant les diff\u00e9rentes conjugaisons et les \u00e9l\u00e9ments de grammaire (masculin-f\u00e9minin, possessifs, interrogation\u2026)<br>Ces cours peuvent \u00eatre compl\u00e9t\u00e9s par le cours en ligne sur <a href=\"https:\/\/l.facebook.com\/l.php?u=http%3A%2F%2Fbartavel.com%2F%3Ffbclid%3DIwZXh0bgNhZW0CMTAAYnJpZBEwT3RYR0Rnc1FOcUVTVTRFdQEeV1g5InY-eb5imRtXB1QQvV8rS-DZzQapt2kWQVOPieYcbHEo61HJxQkboH0_aem_410yoRo4kGuarovJy3P9tA&amp;h=AT2SBFCaXqGZ1xPEXRlMswRsuaDXRWKzNCsiGaAYRhEXzT5FY5MbXVMXlUSkENpZ1GMEoZW4kalplIByqJEIAPpnDlgpJCs6_7yZcg7vXyUYtD_hZzN0r0M1ibi55ccNlE2NTYenKEHDpMQPteaz4mjgGRR5gQ&amp;__tn__=-UK-R&amp;c[0]=AT0o5kKKcChID_MrngI1UNEie4MNQg2au0q1LfJXvOHQFqL8yYyOn-kZUl4uHo18M5mNu-83ax0mQPfmT7tmZTbGSTucxM3VgqVIa8r57XXC2LFvvMkRd7Qfz0WnZle9okmIbYY3-se-m-dzcMkv_QSkSJ_RupQ_3TyG3xNUZrbn32eMPn5AmXAP0OcB4lrYB477u5A_oT1PWKZlI-XZPgpWjQ\" target=\"_blank\" rel=\"noreferrer noopener\">bartavel.com.<\/a><br>L\u2019occitan utilis\u00e9 est la forme vivaro-alpine parl\u00e9e en Ard\u00e8che Nord.<br><br><em>Infos pratiques<\/em><br>La premi\u00e8re s\u00e9ance, le 27\/09\/2025, durera de 10h \u00e0 midi et se terminera par un repas partag\u00e9 pour celles et ceux qui le veulent.<br>A cette s\u00e9ance seront d\u00e9cid\u00e9es les modalit\u00e9s des cours suivants (demi-journ\u00e9e, deux fois une heure trente s\u00e9par\u00e9es par le repas\u2026). <br>Le tarif : 30 euros pour l&rsquo;ann\u00e9e.<\/p>\n\n\n\n<figure class=\"wp-block-image size-full\"><a href=\"https:\/\/www.terroirpaysdesaintfelicien.org\/wp-content\/uploads\/2025\/08\/occitancours.jpg\"><img loading=\"lazy\" decoding=\"async\" width=\"700\" height=\"349\" src=\"https:\/\/www.terroirpaysdesaintfelicien.org\/wp-content\/uploads\/2025\/08\/occitancours.jpg\" alt=\"\" class=\"wp-image-1638\" srcset=\"https:\/\/www.terroirpaysdesaintfelicien.org\/wp-content\/uploads\/2025\/08\/occitancours.jpg 700w, https:\/\/www.terroirpaysdesaintfelicien.org\/wp-content\/uploads\/2025\/08\/occitancours-300x150.jpg 300w, https:\/\/www.terroirpaysdesaintfelicien.org\/wp-content\/uploads\/2025\/08\/occitancours-500x249.jpg 500w\" sizes=\"auto, (max-width: 700px) 100vw, 700px\" \/><\/a><\/figure>\n\n\n\n<p><br><strong>Sur les traces de Marie Mourier : Une balade au c\u0153ur du village de Vaudevant<\/strong><br>Marie Mourier, n\u00e9e en 1922 \u00e0 St Jeure d\u2019Andaure, a v\u00e9cu \u00e0 Vaudevant d\u00e8s l\u2019\u00e2ge de trois ans. Issue d\u2019une famille de paysans modestes, Marie Mourier sera, \u00e0 son \u00e9poque et dans son milieu, l\u2019une des rares femmes \u00e0 \u00e9crire en occitan, son patois maternel et langue de tous au pays de son enfance. Sans le savoir, elle s\u2019inscrivait dans la longue cha\u00eene d\u2019\u00e9crivains et \u00e9crivaines, scribes et troubadours, savants ou populaires, qui ont \u00e9crit cette langue depuis plus de mille ans.<br>Elle a racont\u00e9 ses souvenirs dans des po\u00e8mes, des chansons, des contes, des portraits de personnages \u00e0 une \u00e9poque o\u00f9 cette langue \u00e9tait encore la langue de tous les jours. A travers ses cr\u00e9ations, elle nous entra\u00eene \u00e0 la d\u00e9couverte de la vie simple et rude en milieu rural dans la premi\u00e8re moiti\u00e9 du XX\u00b0 si\u00e8cle.<br>Le parcours d\u2019interpr\u00e9tation \u00ab Diens las piaas de Marie Mourier \u00bb propose, en dix stations, une immersion dans le paysage et l\u2019histoire de notre pays, au pass\u00e9, au pr\u00e9sent et au futur. Et c\u2019est la voix occitane de Marie qui nous lit cette histoire, qui nous dit ce paysage.<\/p>\n\n\n\n<p><strong>Sentier d\u2019interpr\u00e9tation :<\/strong><br>Parcours de 1,3 km ;<br>Installation audio en langue d\u2019Oc sur le sentier ;<br>R\u00e9alis\u00e9 en forte collaboration avec la mairie de Vaudevant et ses habitants ;<br>En hiver, pr\u00e9servation du mat\u00e9riel audio de l&rsquo;humidit\u00e9 de la saison, retrouvez les audios du parcours ici<\/p>\n\n\n\n<figure class=\"wp-block-image size-large\"><a href=\"https:\/\/www.terroirpaysdesaintfelicien.org\/wp-content\/uploads\/2025\/01\/mmourier.jpg\"><img loading=\"lazy\" decoding=\"async\" width=\"1024\" height=\"680\" src=\"https:\/\/www.terroirpaysdesaintfelicien.org\/wp-content\/uploads\/2025\/01\/mmourier-1024x680.jpg\" alt=\"\" class=\"wp-image-1609\" srcset=\"https:\/\/www.terroirpaysdesaintfelicien.org\/wp-content\/uploads\/2025\/01\/mmourier-1024x680.jpg 1024w, https:\/\/www.terroirpaysdesaintfelicien.org\/wp-content\/uploads\/2025\/01\/mmourier-300x199.jpg 300w, https:\/\/www.terroirpaysdesaintfelicien.org\/wp-content\/uploads\/2025\/01\/mmourier-768x510.jpg 768w, https:\/\/www.terroirpaysdesaintfelicien.org\/wp-content\/uploads\/2025\/01\/mmourier-1536x1020.jpg 1536w, https:\/\/www.terroirpaysdesaintfelicien.org\/wp-content\/uploads\/2025\/01\/mmourier-452x300.jpg 452w, https:\/\/www.terroirpaysdesaintfelicien.org\/wp-content\/uploads\/2025\/01\/mmourier.jpg 1600w\" sizes=\"auto, (max-width: 1024px) 100vw, 1024px\" \/><\/a><\/figure>\n\n\n\n<p>\u00c9couter les fichiers sons ici : <br><br>P3 : Totjorn chantar<\/p>\n\n\n\n<figure class=\"wp-block-audio\"><audio controls src=\"https:\/\/www.terroirpaysdesaintfelicien.org\/wp-content\/uploads\/2025\/02\/P3-Totjorn-chantar_integrale.wav\"><\/audio><\/figure>\n\n\n\n<p>P4 : Anc de vivares<\/p>\n\n\n\n<figure class=\"wp-block-audio\"><audio controls src=\"https:\/\/www.terroirpaysdesaintfelicien.org\/wp-content\/uploads\/2025\/03\/Anc-de-Vivares-Intrepido-gardian-media_002.mp3\"><\/audio><\/figure>\n\n\n\n<p>P5 : Pais de mon enfanca<\/p>\n\n\n\n<figure class=\"wp-block-audio\"><audio controls src=\"https:\/\/www.terroirpaysdesaintfelicien.org\/wp-content\/uploads\/2025\/02\/P5-Pais-de-mon-enfanca_V2.wav\"><\/audio><\/figure>\n\n\n\n<p>P6 : la via a la campanha<\/p>\n\n\n\n<figure class=\"wp-block-audio\"><audio controls src=\"https:\/\/www.terroirpaysdesaintfelicien.org\/wp-content\/uploads\/2025\/02\/P6-La-via-a-la-campanha-couplet_1_2_3.wav\"><\/audio><\/figure>\n\n\n\n<p>P7 : les enfants La via a la campanha<\/p>\n\n\n\n<figure class=\"wp-block-audio\"><audio controls src=\"https:\/\/www.terroirpaysdesaintfelicien.org\/wp-content\/uploads\/2025\/03\/les-enfants-La-via-a-la-campanha-couplet_6_quand_me_loerian.wav\"><\/audio><\/figure>\n\n\n\n<p>P8 : Pais de mon enfanca<\/p>\n\n\n\n<figure class=\"wp-block-audio\"><audio controls src=\"https:\/\/www.terroirpaysdesaintfelicien.org\/wp-content\/uploads\/2025\/02\/P8-pais-de-mon-enfanca-l21-26.wav\"><\/audio><\/figure>\n\n\n\n<p>P9 : int\u00e9grale<\/p>\n\n\n\n<figure class=\"wp-block-audio\"><audio controls src=\"https:\/\/www.terroirpaysdesaintfelicien.org\/wp-content\/uploads\/2025\/02\/P9-Panneaux_9_integrale.wav\"><\/audio><\/figure>\n","protected":false},"excerpt":{"rendered":"<p>Le parler du Haut-Vivarais s\u2019inscrit dans l\u2019ensemble linguistique occitan. Il se classe pr\u00e9cis\u00e9ment dans le vivaro-vellave, une branche de l\u2019occitan vivaro-alpin. Pour plus d\u2019informations sur l\u2019occitan de cette zone g\u00e9ographique, vous pouvez consulter le site : www.bartavel.com Terroir Pays de &hellip; <a href=\"https:\/\/www.terroirpaysdesaintfelicien.org\/?page_id=1590\">Continuer la lecture <span class=\"meta-nav\">&rarr;<\/span><\/a><\/p>\n","protected":false},"author":4,"featured_media":0,"parent":0,"menu_order":0,"comment_status":"closed","ping_status":"closed","template":"","meta":{"footnotes":""},"class_list":["post-1590","page","type-page","status-publish","hentry"],"_links":{"self":[{"href":"https:\/\/www.terroirpaysdesaintfelicien.org\/index.php?rest_route=\/wp\/v2\/pages\/1590","targetHints":{"allow":["GET"]}}],"collection":[{"href":"https:\/\/www.terroirpaysdesaintfelicien.org\/index.php?rest_route=\/wp\/v2\/pages"}],"about":[{"href":"https:\/\/www.terroirpaysdesaintfelicien.org\/index.php?rest_route=\/wp\/v2\/types\/page"}],"author":[{"embeddable":true,"href":"https:\/\/www.terroirpaysdesaintfelicien.org\/index.php?rest_route=\/wp\/v2\/users\/4"}],"replies":[{"embeddable":true,"href":"https:\/\/www.terroirpaysdesaintfelicien.org\/index.php?rest_route=%2Fwp%2Fv2%2Fcomments&post=1590"}],"version-history":[{"count":12,"href":"https:\/\/www.terroirpaysdesaintfelicien.org\/index.php?rest_route=\/wp\/v2\/pages\/1590\/revisions"}],"predecessor-version":[{"id":1639,"href":"https:\/\/www.terroirpaysdesaintfelicien.org\/index.php?rest_route=\/wp\/v2\/pages\/1590\/revisions\/1639"}],"wp:attachment":[{"href":"https:\/\/www.terroirpaysdesaintfelicien.org\/index.php?rest_route=%2Fwp%2Fv2%2Fmedia&parent=1590"}],"curies":[{"name":"wp","href":"https:\/\/api.w.org\/{rel}","templated":true}]}}

<p>Le parler du Haut-Vivarais s’inscrit dans l’ensemble linguistique occitan. Il se classe précisément dans le vivaro-vellave, une branche de l’occitan vivaro-alpin.</p>



<figure class="wp-block-image size-full"><a href="https://www.terroirpaysdesaintfelicien.org/wp-content/uploads/2025/02/dialectes.jpg"><img loading="lazy" decoding="async" width="687" height="455" src="https://www.terroirpaysdesaintfelicien.org/wp-content/uploads/2025/02/dialectes.jpg" alt="" class="wp-image-1616" srcset="https://www.terroirpaysdesaintfelicien.org/wp-content/uploads/2025/02/dialectes.jpg 687w, https://www.terroirpaysdesaintfelicien.org/wp-content/uploads/2025/02/dialectes-300x199.jpg 300w, https://www.terroirpaysdesaintfelicien.org/wp-content/uploads/2025/02/dialectes-453x300.jpg 453w" sizes="auto, (max-width: 687px) 100vw, 687px" /></a></figure>



<p>Pour plus d’informations sur l’occitan de cette zone géographique, vous pouvez consulter le site : <a href="https://www.bartavel.com/">www.bartavel.com</a><br><br>Terroir Pays de Saint-Félicien, dans <a href="https://www.terroirpaysdesaintfelicien.org/?page_id=1600">cette dynamique</a>, promeut la langue occitane.<br>Elle rappelle les histoires du pays avec le circuit « Dans les pas de Marie Mourier » à Vaudevant, est à l&rsquo;initiative de la double signalétique des panneaux d&rsquo;entrée/sortie de village met en place des cours d&rsquo;occitan pour débutants et enfin a organisé le premier <a href="https://www.terroirpaysdesaintfelicien.org/?page_id=1255">Fest&rsquo;Oc du 14 au 16 mars 2025</a>.</p>



<p><strong>Cours d&rsquo;Occitan</strong><br>Deux cours d&rsquo;occitan sont prévus tout au long de l&rsquo;année 2025-2026 :<br>&#8211; Cours débutant un samedi par mois (3h x 10 séances) au Couvent de Saint-Félicien avec Marc Nouaille et Patrick Cros (renseignements <a href="mailto:terroirpaysdesaintfelicien@gmail.com">terroirpaysdesaintfelicien@gmail.com</a> / 07 81 14 04 19).<br>&#8211; Cours pour personnes connaissant déjà la langue : à Saint-Victor avec Jean Dodet de Parlarem en Vivarés (renseignements au 06 73 57 12 25).<br><br>Le cours débutant se déroulera en deux parties avec deux intervenants.<br>> Une partie vocabulaire, expressions, phrases de la vie quotidienne (se saluer, parler de la pluie et du beau temps… )<br>> Une partie conjugaison/grammaire à partir de fiches concernant les différentes conjugaisons et les éléments de grammaire (masculin-féminin, possessifs, interrogation…)<br>Ces cours peuvent être complétés par le cours en ligne sur <a href="https://l.facebook.com/l.php?u=http%3A%2F%2Fbartavel.com%2F%3Ffbclid%3DIwZXh0bgNhZW0CMTAAYnJpZBEwT3RYR0Rnc1FOcUVTVTRFdQEeV1g5InY-eb5imRtXB1QQvV8rS-DZzQapt2kWQVOPieYcbHEo61HJxQkboH0_aem_410yoRo4kGuarovJy3P9tA&amp;h=AT2SBFCaXqGZ1xPEXRlMswRsuaDXRWKzNCsiGaAYRhEXzT5FY5MbXVMXlUSkENpZ1GMEoZW4kalplIByqJEIAPpnDlgpJCs6_7yZcg7vXyUYtD_hZzN0r0M1ibi55ccNlE2NTYenKEHDpMQPteaz4mjgGRR5gQ&amp;__tn__=-UK-R&amp;c[0]=AT0o5kKKcChID_MrngI1UNEie4MNQg2au0q1LfJXvOHQFqL8yYyOn-kZUl4uHo18M5mNu-83ax0mQPfmT7tmZTbGSTucxM3VgqVIa8r57XXC2LFvvMkRd7Qfz0WnZle9okmIbYY3-se-m-dzcMkv_QSkSJ_RupQ_3TyG3xNUZrbn32eMPn5AmXAP0OcB4lrYB477u5A_oT1PWKZlI-XZPgpWjQ" target="_blank" rel="noreferrer noopener">bartavel.com.</a><br>L’occitan utilisé est la forme vivaro-alpine parlée en Ardèche Nord.<br><br><em>Infos pratiques</em><br>La première séance, le 27/09/2025, durera de 10h à midi et se terminera par un repas partagé pour celles et ceux qui le veulent.<br>A cette séance seront décidées les modalités des cours suivants (demi-journée, deux fois une heure trente séparées par le repas…). <br>Le tarif : 30 euros pour l&rsquo;année.</p>



<figure class="wp-block-image size-full"><a href="https://www.terroirpaysdesaintfelicien.org/wp-content/uploads/2025/08/occitancours.jpg"><img loading="lazy" decoding="async" width="700" height="349" src="https://www.terroirpaysdesaintfelicien.org/wp-content/uploads/2025/08/occitancours.jpg" alt="" class="wp-image-1638" srcset="https://www.terroirpaysdesaintfelicien.org/wp-content/uploads/2025/08/occitancours.jpg 700w, https://www.terroirpaysdesaintfelicien.org/wp-content/uploads/2025/08/occitancours-300x150.jpg 300w, https://www.terroirpaysdesaintfelicien.org/wp-content/uploads/2025/08/occitancours-500x249.jpg 500w" sizes="auto, (max-width: 700px) 100vw, 700px" /></a></figure>



<p><br><strong>Sur les traces de Marie Mourier : Une balade au cœur du village de Vaudevant</strong><br>Marie Mourier, née en 1922 à St Jeure d’Andaure, a vécu à Vaudevant dès l’âge de trois ans. Issue d’une famille de paysans modestes, Marie Mourier sera, à son époque et dans son milieu, l’une des rares femmes à écrire en occitan, son patois maternel et langue de tous au pays de son enfance. Sans le savoir, elle s’inscrivait dans la longue chaîne d’écrivains et écrivaines, scribes et troubadours, savants ou populaires, qui ont écrit cette langue depuis plus de mille ans.<br>Elle a raconté ses souvenirs dans des poèmes, des chansons, des contes, des portraits de personnages à une époque où cette langue était encore la langue de tous les jours. A travers ses créations, elle nous entraîne à la découverte de la vie simple et rude en milieu rural dans la première moitié du XX° siècle.<br>Le parcours d’interprétation « Diens las piaas de Marie Mourier » propose, en dix stations, une immersion dans le paysage et l’histoire de notre pays, au passé, au présent et au futur. Et c’est la voix occitane de Marie qui nous lit cette histoire, qui nous dit ce paysage.</p>



<p><strong>Sentier d’interprétation :</strong><br>Parcours de 1,3 km ;<br>Installation audio en langue d’Oc sur le sentier ;<br>Réalisé en forte collaboration avec la mairie de Vaudevant et ses habitants ;<br>En hiver, préservation du matériel audio de l&rsquo;humidité de la saison, retrouvez les audios du parcours ici</p>



<figure class="wp-block-image size-large"><a href="https://www.terroirpaysdesaintfelicien.org/wp-content/uploads/2025/01/mmourier.jpg"><img loading="lazy" decoding="async" width="1024" height="680" src="https://www.terroirpaysdesaintfelicien.org/wp-content/uploads/2025/01/mmourier-1024x680.jpg" alt="" class="wp-image-1609" srcset="https://www.terroirpaysdesaintfelicien.org/wp-content/uploads/2025/01/mmourier-1024x680.jpg 1024w, https://www.terroirpaysdesaintfelicien.org/wp-content/uploads/2025/01/mmourier-300x199.jpg 300w, https://www.terroirpaysdesaintfelicien.org/wp-content/uploads/2025/01/mmourier-768x510.jpg 768w, https://www.terroirpaysdesaintfelicien.org/wp-content/uploads/2025/01/mmourier-1536x1020.jpg 1536w, https://www.terroirpaysdesaintfelicien.org/wp-content/uploads/2025/01/mmourier-452x300.jpg 452w, https://www.terroirpaysdesaintfelicien.org/wp-content/uploads/2025/01/mmourier.jpg 1600w" sizes="auto, (max-width: 1024px) 100vw, 1024px" /></a></figure>



<p>Écouter les fichiers sons ici : <br><br>P3 : Totjorn chantar</p>



<figure class="wp-block-audio"><audio controls src="https://www.terroirpaysdesaintfelicien.org/wp-content/uploads/2025/02/P3-Totjorn-chantar_integrale.wav"></audio></figure>



<p>P4 : Anc de vivares</p>



<figure class="wp-block-audio"><audio controls src="https://www.terroirpaysdesaintfelicien.org/wp-content/uploads/2025/03/Anc-de-Vivares-Intrepido-gardian-media_002.mp3"></audio></figure>



<p>P5 : Pais de mon enfanca</p>



<figure class="wp-block-audio"><audio controls src="https://www.terroirpaysdesaintfelicien.org/wp-content/uploads/2025/02/P5-Pais-de-mon-enfanca_V2.wav"></audio></figure>



<p>P6 : la via a la campanha</p>



<figure class="wp-block-audio"><audio controls src="https://www.terroirpaysdesaintfelicien.org/wp-content/uploads/2025/02/P6-La-via-a-la-campanha-couplet_1_2_3.wav"></audio></figure>



<p>P7 : les enfants La via a la campanha</p>



<figure class="wp-block-audio"><audio controls src="https://www.terroirpaysdesaintfelicien.org/wp-content/uploads/2025/03/les-enfants-La-via-a-la-campanha-couplet_6_quand_me_loerian.wav"></audio></figure>



<p>P8 : Pais de mon enfanca</p>



<figure class="wp-block-audio"><audio controls src="https://www.terroirpaysdesaintfelicien.org/wp-content/uploads/2025/02/P8-pais-de-mon-enfanca-l21-26.wav"></audio></figure>



<p>P9 : intégrale</p>



<figure class="wp-block-audio"><audio controls src="https://www.terroirpaysdesaintfelicien.org/wp-content/uploads/2025/02/P9-Panneaux_9_integrale.wav"></audio></figure>

<p>Le parler du Haut-Vivarais s’inscrit dans l’ensemble linguistique occitan. Il se classe précisément dans le vivaro-vellave, une branche de l’occitan vivaro-alpin. Pour plus d’informations sur l’occitan de cette zone géographique, vous pouvez consulter le site : www.bartavel.com Terroir Pays de &hellip; <a href="https://www.terroirpaysdesaintfelicien.org/?page_id=1590">Continuer la lecture <span class="meta-nav">&rarr;</span></a></p>
