{"id":2,"date":"2015-01-29T16:14:53","date_gmt":"2015-01-29T16:14:53","guid":{"rendered":"http:\/\/www.terroirpaysdesaintfelicien.com\/?page_id=2"},"modified":"2023-02-11T11:27:31","modified_gmt":"2023-02-11T11:27:31","slug":"page-d-exemple","status":"publish","type":"page","link":"https:\/\/www.terroirpaysdesaintfelicien.org\/","title":{"rendered":"Accueil"},"content":{"rendered":"<h2 style=\"text-align: left;\"><strong>Qu&rsquo;est-ce que Terroir Pays de Saint-F\u00e9licien ?<\/strong><\/h2>\n<p>L&rsquo;Association Terroir \u0153uvre au d\u00e9veloppement et \u00e0 la promotion des savoir-faire du Pays de Saint-F\u00e9licien.<br \/>Elle tisse des liens entre les hommes, femmes et ce pays tout en gardant une dynamique d&rsquo;ouverture \u00e0 travers des ateliers, des rencontres, des manifestations et des publications.<\/p>\n<h2><strong>Le Pays de Saint-F\u00e9licien<\/strong><\/h2>\n<p>Se situe dans le nord du d\u00e9partement de l&rsquo;Ard\u00e8che que l&rsquo;on appelle l&rsquo;Ard\u00e8che Verte. Il se compose de 7 communes (Arlebosc, Bozas, Colombier-le-Vieux, Pailhar\u00e8s, Saint-F\u00e9licien, Saint-Victor et Vaudevant). L&rsquo;association \u0153uvre sur le territoire de ce pays et de ses communes limitrophes.<\/p>\n\n\n<figure class=\"wp-block-image size-large\"><a href=\"https:\/\/www.terroirpaysdesaintfelicien.org\/wp-content\/uploads\/2022\/12\/terroir-depliant2022-recto-v2_0000s_0001_CARTE.png\"><img loading=\"lazy\" decoding=\"async\" width=\"1024\" height=\"816\" src=\"https:\/\/www.terroirpaysdesaintfelicien.org\/wp-content\/uploads\/2022\/12\/terroir-depliant2022-recto-v2_0000s_0001_CARTE-1024x816.png\" alt=\"\" class=\"wp-image-1489\" srcset=\"https:\/\/www.terroirpaysdesaintfelicien.org\/wp-content\/uploads\/2022\/12\/terroir-depliant2022-recto-v2_0000s_0001_CARTE-1024x816.png 1024w, https:\/\/www.terroirpaysdesaintfelicien.org\/wp-content\/uploads\/2022\/12\/terroir-depliant2022-recto-v2_0000s_0001_CARTE-300x239.png 300w, https:\/\/www.terroirpaysdesaintfelicien.org\/wp-content\/uploads\/2022\/12\/terroir-depliant2022-recto-v2_0000s_0001_CARTE-768x612.png 768w, https:\/\/www.terroirpaysdesaintfelicien.org\/wp-content\/uploads\/2022\/12\/terroir-depliant2022-recto-v2_0000s_0001_CARTE-376x300.png 376w, https:\/\/www.terroirpaysdesaintfelicien.org\/wp-content\/uploads\/2022\/12\/terroir-depliant2022-recto-v2_0000s_0001_CARTE.png 1400w\" sizes=\"auto, (max-width: 1024px) 100vw, 1024px\" \/><\/a><\/figure>\n\n\n\n\n\n<h2 class=\"wp-block-heading\" id=\"actualites\"><strong>Actualit\u00e9s<\/strong><\/h2>\n\n\n\n<p>Retrouvez nos actualit\u00e9s en vous en abonnant \u00e0 notre lettre d&rsquo;information ou en consultant notre page <a href=\"https:\/\/www.facebook.com\/Go%C3%BBt-du-Pays-Terroir-Pays-de-Saint-F%C3%A9licien-2325434700868792\">Facebook<\/a>.<\/p>\n\n\n\n<p><br><div class=\"efbl_feed_wraper efbl_skin_1511\" >\n\n\t\t\t\t\t\t<p class=\"efbl_error_msg\"> Error validating access token: The session has been invalidated because the user changed their password or Facebook has changed the session for security reasons. <\/p>\n\t\t\t\t\n\t\t<\/div>\n<\/p>\n","protected":false},"excerpt":{"rendered":"<p>Qu&rsquo;est-ce que Terroir Pays de Saint-F\u00e9licien ? L&rsquo;Association Terroir \u0153uvre au d\u00e9veloppement et \u00e0 la promotion des savoir-faire du Pays de Saint-F\u00e9licien.Elle tisse des liens entre les hommes, femmes et ce pays tout en gardant une dynamique d&rsquo;ouverture \u00e0 travers &hellip; <a href=\"https:\/\/www.terroirpaysdesaintfelicien.org\/\">Continuer la lecture <span class=\"meta-nav\">&rarr;<\/span><\/a><\/p>\n","protected":false},"author":1,"featured_media":0,"parent":0,"menu_order":0,"comment_status":"closed","ping_status":"closed","template":"","meta":{"footnotes":""},"class_list":["post-2","page","type-page","status-publish","hentry"],"_links":{"self":[{"href":"https:\/\/www.terroirpaysdesaintfelicien.org\/index.php?rest_route=\/wp\/v2\/pages\/2","targetHints":{"allow":["GET"]}}],"collection":[{"href":"https:\/\/www.terroirpaysdesaintfelicien.org\/index.php?rest_route=\/wp\/v2\/pages"}],"about":[{"href":"https:\/\/www.terroirpaysdesaintfelicien.org\/index.php?rest_route=\/wp\/v2\/types\/page"}],"author":[{"embeddable":true,"href":"https:\/\/www.terroirpaysdesaintfelicien.org\/index.php?rest_route=\/wp\/v2\/users\/1"}],"replies":[{"embeddable":true,"href":"https:\/\/www.terroirpaysdesaintfelicien.org\/index.php?rest_route=%2Fwp%2Fv2%2Fcomments&post=2"}],"version-history":[{"count":361,"href":"https:\/\/www.terroirpaysdesaintfelicien.org\/index.php?rest_route=\/wp\/v2\/pages\/2\/revisions"}],"predecessor-version":[{"id":1525,"href":"https:\/\/www.terroirpaysdesaintfelicien.org\/index.php?rest_route=\/wp\/v2\/pages\/2\/revisions\/1525"}],"wp:attachment":[{"href":"https:\/\/www.terroirpaysdesaintfelicien.org\/index.php?rest_route=%2Fwp%2Fv2%2Fmedia&parent=2"}],"curies":[{"name":"wp","href":"https:\/\/api.w.org\/{rel}","templated":true}]}}

<h2 style="text-align: left;"><strong>Qu&rsquo;est-ce que Terroir Pays de Saint-Félicien ?</strong></h2>
<p>L&rsquo;Association Terroir œuvre au développement et à la promotion des savoir-faire du Pays de Saint-Félicien.<br />Elle tisse des liens entre les hommes, femmes et ce pays tout en gardant une dynamique d&rsquo;ouverture à travers des ateliers, des rencontres, des manifestations et des publications.</p>
<h2><strong>Le Pays de Saint-Félicien</strong></h2>
<p>Se situe dans le nord du département de l&rsquo;Ardèche que l&rsquo;on appelle l&rsquo;Ardèche Verte. Il se compose de 7 communes (Arlebosc, Bozas, Colombier-le-Vieux, Pailharès, Saint-Félicien, Saint-Victor et Vaudevant). L&rsquo;association œuvre sur le territoire de ce pays et de ses communes limitrophes.</p>


<figure class="wp-block-image size-large"><a href="https://www.terroirpaysdesaintfelicien.org/wp-content/uploads/2022/12/terroir-depliant2022-recto-v2_0000s_0001_CARTE.png"><img loading="lazy" decoding="async" width="1024" height="816" src="https://www.terroirpaysdesaintfelicien.org/wp-content/uploads/2022/12/terroir-depliant2022-recto-v2_0000s_0001_CARTE-1024x816.png" alt="" class="wp-image-1489" srcset="https://www.terroirpaysdesaintfelicien.org/wp-content/uploads/2022/12/terroir-depliant2022-recto-v2_0000s_0001_CARTE-1024x816.png 1024w, https://www.terroirpaysdesaintfelicien.org/wp-content/uploads/2022/12/terroir-depliant2022-recto-v2_0000s_0001_CARTE-300x239.png 300w, https://www.terroirpaysdesaintfelicien.org/wp-content/uploads/2022/12/terroir-depliant2022-recto-v2_0000s_0001_CARTE-768x612.png 768w, https://www.terroirpaysdesaintfelicien.org/wp-content/uploads/2022/12/terroir-depliant2022-recto-v2_0000s_0001_CARTE-376x300.png 376w, https://www.terroirpaysdesaintfelicien.org/wp-content/uploads/2022/12/terroir-depliant2022-recto-v2_0000s_0001_CARTE.png 1400w" sizes="auto, (max-width: 1024px) 100vw, 1024px" /></a></figure>





<h2 class="wp-block-heading" id="actualites"><strong>Actualités</strong></h2>



<p>Retrouvez nos actualités en vous en abonnant à notre lettre d&rsquo;information ou en consultant notre page <a href="https://www.facebook.com/Go%C3%BBt-du-Pays-Terroir-Pays-de-Saint-F%C3%A9licien-2325434700868792">Facebook</a>.</p>



<p><br><div class="efbl_feed_wraper efbl_skin_1511" >

						<p class="efbl_error_msg"> Error validating access token: The session has been invalidated because the user changed their password or Facebook has changed the session for security reasons. </p>
				
		</div>
</p>

<p>Qu&rsquo;est-ce que Terroir Pays de Saint-Félicien ? L&rsquo;Association Terroir œuvre au développement et à la promotion des savoir-faire du Pays de Saint-Félicien.Elle tisse des liens entre les hommes, femmes et ce pays tout en gardant une dynamique d&rsquo;ouverture à travers &hellip; <a href="https://www.terroirpaysdesaintfelicien.org/">Continuer la lecture <span class="meta-nav">&rarr;</span></a></p>
